Last updated on 2021-02-26 02:49:35 CET.
Flavor | Version | Tinstall | Tcheck | Ttotal | Status | Flags |
---|---|---|---|---|---|---|
r-devel-linux-x86_64-debian-clang | 1.13.1 | 123.25 | 176.95 | 300.20 | OK | |
r-devel-linux-x86_64-debian-gcc | 1.13.1 | 94.44 | 130.44 | 224.88 | OK | |
r-devel-linux-x86_64-fedora-clang | 1.13.1 | 339.24 | NOTE | |||
r-devel-linux-x86_64-fedora-gcc | 1.13.1 | 375.85 | OK | |||
r-devel-windows-ix86+x86_64 | 1.13.1 | 188.00 | 165.00 | 353.00 | OK | |
r-patched-linux-x86_64 | 1.13.1 | 115.66 | 160.86 | 276.52 | OK | |
r-patched-solaris-x86 | 1.13.1 | 380.70 | OK | |||
r-release-linux-x86_64 | 1.13.1 | 104.78 | 161.85 | 266.63 | OK | |
r-release-macos-x86_64 | 1.13.1 | NOTE | ||||
r-release-windows-ix86+x86_64 | 1.13.1 | 257.00 | 241.00 | 498.00 | OK | |
r-oldrel-macos-x86_64 | 1.13.1 | NOTE | ||||
r-oldrel-windows-ix86+x86_64 | 1.13.1 | 170.00 | 194.00 | 364.00 | OK |
Version: 1.13.1
Check: installed package size
Result: NOTE
installed size is 8.3Mb
sub-directories of 1Mb or more:
libs 6.7Mb
Flavors: r-devel-linux-x86_64-fedora-clang, r-release-macos-x86_64, r-oldrel-macos-x86_64
Version: 1.13.1
Check: Rd cross-references
Result: NOTE
Undeclared packages ‘hoa’, ‘evir’ in Rd xrefs
Flavor: r-devel-linux-x86_64-fedora-clang