Last updated on 2023-02-03 23:51:40 CET.
Flavor | Version | Tinstall | Tcheck | Ttotal | Status | Flags |
---|---|---|---|---|---|---|
r-devel-linux-x86_64-debian-clang | 1.3.2 | 409.49 | 567.81 | 977.30 | NOTE | |
r-devel-linux-x86_64-debian-gcc | 1.3.2 | 304.70 | 417.01 | 721.71 | NOTE | |
r-devel-linux-x86_64-fedora-clang | 1.3.2 | 1224.80 | NOTE | |||
r-devel-linux-x86_64-fedora-gcc | 1.3.2 | 1279.07 | NOTE | |||
r-devel-windows-x86_64 | 1.3.2 | 454.00 | 698.00 | 1152.00 | NOTE | |
r-patched-linux-x86_64 | 1.3.2 | 343.63 | 525.02 | 868.65 | OK | |
r-release-linux-x86_64 | 1.3.2 | 337.82 | 489.01 | 826.83 | OK | |
r-release-macos-arm64 | 1.3.2 | 250.00 | NOTE | |||
r-release-macos-x86_64 | 1.3.2 | 355.00 | NOTE | |||
r-release-windows-x86_64 | 1.3.2 | 370.00 | 644.00 | 1014.00 | NOTE | |
r-oldrel-macos-arm64 | 1.3.2 | 219.00 | NOTE | |||
r-oldrel-macos-x86_64 | 1.3.2 | 373.00 | NOTE | |||
r-oldrel-windows-ix86+x86_64 | 1.3.2 | 809.00 | 757.00 | 1566.00 | NOTE |
Version: 1.3.2
Check: C++ specification
Result: NOTE
Specified C++11: please update to current default of C++17
Flavors: r-devel-linux-x86_64-debian-clang, r-devel-linux-x86_64-debian-gcc, r-devel-linux-x86_64-fedora-clang, r-devel-linux-x86_64-fedora-gcc, r-devel-windows-x86_64
Version: 1.3.2
Check: installed package size
Result: NOTE
installed size is 8.3Mb
sub-directories of 1Mb or more:
R 1.7Mb
doc 2.6Mb
libs 2.2Mb
Flavors: r-devel-linux-x86_64-fedora-clang, r-devel-windows-x86_64, r-release-macos-arm64, r-release-macos-x86_64, r-release-windows-x86_64, r-oldrel-macos-arm64, r-oldrel-macos-x86_64, r-oldrel-windows-ix86+x86_64