Last updated on 2023-03-26 21:54:39 CEST.
Flavor | Version | Tinstall | Tcheck | Ttotal | Status | Flags |
---|---|---|---|---|---|---|
r-devel-linux-x86_64-debian-clang | 0.5 | 37.05 | 353.69 | 390.74 | OK | |
r-devel-linux-x86_64-debian-gcc | 0.5 | 30.00 | 257.08 | 287.08 | OK | |
r-devel-linux-x86_64-fedora-clang | 0.5 | 488.42 | OK | |||
r-devel-linux-x86_64-fedora-gcc | 0.5 | 477.93 | OK | |||
r-patched-linux-x86_64 | 0.5 | 29.90 | 327.82 | 357.72 | OK | |
r-release-linux-x86_64 | 0.5 | 29.96 | 313.25 | 343.21 | OK | |
r-release-macos-arm64 | 0.5 | 115.00 | OK | |||
r-release-macos-x86_64 | 0.5 | 148.00 | OK | |||
r-release-windows-x86_64 | 0.5 | 61.00 | 349.00 | 410.00 | OK | |
r-oldrel-macos-arm64 | 0.5 | 93.00 | OK | |||
r-oldrel-macos-x86_64 | 0.5 | 140.00 | OK | |||
r-oldrel-windows-ix86+x86_64 | 0.5 | 84.00 | 330.00 | 414.00 | NOTE |
Version: 0.5
Check: R code for possible problems
Result: NOTE
Initiating curl with CURL_SSL_BACKEND: openssl
Flavor: r-oldrel-windows-ix86+x86_64