CRAN Package Check Results for Package m2b

Last updated on 2021-09-21 15:51:02 CEST.

Flavor Version Tinstall Tcheck Ttotal Status Flags
r-devel-linux-x86_64-debian-clang 1.0 5.90 89.71 95.61 OK
r-devel-linux-x86_64-debian-gcc 1.0 4.99 66.96 71.95 OK
r-devel-linux-x86_64-fedora-clang 1.0 119.02 NOTE
r-devel-linux-x86_64-fedora-gcc 1.0 107.23 NOTE
r-devel-windows-x86_64 1.0 10.00 83.00 93.00 OK
r-devel-windows-x86_64-gcc10-UCRT 1.0 ERROR
r-patched-linux-x86_64 1.0 11.48 84.39 95.87 OK
r-patched-solaris-x86 1.0 130.30 NOTE
r-release-linux-x86_64 1.0 5.91 84.70 90.61 OK
r-release-macos-arm64 1.0 NOTE
r-release-macos-x86_64 1.0 NOTE
r-release-windows-ix86+x86_64 1.0 14.00 83.00 97.00 OK
r-oldrel-macos-x86_64 1.0 NOTE
r-oldrel-windows-ix86+x86_64 1.0 15.00 82.00 97.00 OK

Check Details

Version: 1.0
Check: dependencies in R code
Result: NOTE
    Namespaces in Imports field not imported from:
     ‘e1071’ ‘utils’
     All declared Imports should be used.
Flavors: r-devel-linux-x86_64-fedora-clang, r-devel-linux-x86_64-fedora-gcc, r-devel-windows-x86_64-gcc10-UCRT, r-patched-solaris-x86, r-release-macos-arm64, r-release-macos-x86_64, r-oldrel-macos-x86_64

Version: 1.0
Check: whether package can be installed
Result: WARN
    Found the following significant warnings:
     WARNING: installation-time patches will not be applied, could not get the patches index
Flavor: r-devel-windows-x86_64-gcc10-UCRT

Version: 1.0
Check: PDF version of manual
Result: WARN
    LaTeX errors when creating PDF version.
    This typically indicates Rd problems.
Flavor: r-devel-windows-x86_64-gcc10-UCRT

Version: 1.0
Check: PDF version of manual without hyperrefs or index
Result: ERROR
    Re-running with no redirection of stdout/stderr.
Flavor: r-devel-windows-x86_64-gcc10-UCRT