CRAN Package Check Results for Package link2GI

Last updated on 2021-06-17 15:49:10 CEST.

Flavor Version Tinstall Tcheck Ttotal Status Flags
r-devel-linux-x86_64-debian-clang 0.4-5 10.25 100.05 110.30 OK
r-devel-linux-x86_64-debian-gcc 0.4-5 9.16 74.10 83.26 OK
r-devel-linux-x86_64-fedora-clang 0.4-5 143.23 NOTE
r-devel-linux-x86_64-fedora-gcc 0.4-5 133.49 NOTE
r-devel-windows-x86_64 0.4-5 19.00 125.00 144.00 OK
r-devel-windows-x86_64-gcc10-UCRT 0.4-5 ERROR
r-patched-linux-x86_64 0.4-5 16.10 94.37 110.47 OK
r-patched-solaris-x86 0.4-5 190.30 NOTE
r-release-linux-x86_64 0.4-5 10.88 93.28 104.16 OK
r-release-macos-arm64 0.4-5 NOTE
r-release-macos-x86_64 0.4-5 NOTE
r-release-windows-ix86+x86_64 0.4-5 26.00 126.00 152.00 OK
r-oldrel-macos-x86_64 0.4-5 NOTE
r-oldrel-windows-ix86+x86_64 0.4-5 19.00 92.00 111.00 OK

Check Details

Version: 0.4-5
Check: dependencies in R code
Result: NOTE
    Namespace in Imports field not imported from: ‘methods’
     All declared Imports should be used.
Flavors: r-devel-linux-x86_64-fedora-clang, r-devel-linux-x86_64-fedora-gcc, r-patched-solaris-x86, r-release-macos-arm64, r-release-macos-x86_64, r-oldrel-macos-x86_64

Version: 0.4-5
Check: package dependencies
Result: ERROR
    Package required but not available: 'sf'
    
    See section 'The DESCRIPTION file' in the 'Writing R Extensions'
    manual.
Flavor: r-devel-windows-x86_64-gcc10-UCRT