Last updated on 2023-03-25 20:49:51 CET.
Flavor | Version | Tinstall | Tcheck | Ttotal | Status | Flags |
---|---|---|---|---|---|---|
r-devel-linux-x86_64-debian-clang | 1.7.2.1 | 41.17 | 426.65 | 467.82 | OK | |
r-devel-linux-x86_64-debian-gcc | 1.7.2.1 | 32.36 | 310.83 | 343.19 | OK | |
r-devel-linux-x86_64-fedora-clang | 1.7.2.1 | 603.12 | OK | |||
r-devel-linux-x86_64-fedora-gcc | 1.7.2.1 | 553.76 | OK | |||
r-patched-linux-x86_64 | 1.7.2.1 | 47.19 | 394.18 | 441.37 | OK | |
r-release-linux-x86_64 | 1.7.2.1 | 38.19 | 397.54 | 435.73 | OK | |
r-release-macos-arm64 | 1.7.2.1 | 115.00 | OK | |||
r-release-macos-x86_64 | 1.7.2.1 | 170.00 | OK | |||
r-release-windows-x86_64 | 1.7.2.1 | 162.00 | 453.00 | 615.00 | OK | |
r-oldrel-macos-arm64 | 1.7.2.1 | 100.00 | OK | |||
r-oldrel-macos-x86_64 | 1.7.2.1 | 173.00 | OK | |||
r-oldrel-windows-ix86+x86_64 | 1.7.2.1 | 67.00 | 461.00 | 528.00 | WARN |
Version: 1.7.2.1
Check: for unstated dependencies in ‘tests’
Result: WARN
Warning: unable to access index for repository https://bioconductor.org/packages/3.14/bioc/src/contrib:
cannot open URL 'https://bioconductor.org/packages/3.14/bioc/src/contrib/PACKAGES'
Warning: unable to access index for repository https://bioconductor.org/packages/3.14/data/annotation/src/contrib:
cannot open URL 'https://bioconductor.org/packages/3.14/data/annotation/src/contrib/PACKAGES'
Warning: unable to access index for repository https://bioconductor.org/packages/3.14/data/experiment/src/contrib:
cannot open URL 'https://bioconductor.org/packages/3.14/data/experiment/src/contrib/PACKAGES'
Flavor: r-oldrel-windows-ix86+x86_64