CRAN Package Check Results for Package imputeMissings

Last updated on 2021-09-21 15:50:58 CEST.

Flavor Version Tinstall Tcheck Ttotal Status Flags
r-devel-linux-x86_64-debian-clang 0.0.3 2.05 21.72 23.77 NOTE
r-devel-linux-x86_64-debian-gcc 0.0.3 1.54 16.99 18.53 NOTE
r-devel-linux-x86_64-fedora-clang 0.0.3 37.68 NOTE
r-devel-linux-x86_64-fedora-gcc 0.0.3 26.77 NOTE
r-devel-windows-x86_64 0.0.3 3.00 30.00 33.00 NOTE
r-devel-windows-x86_64-gcc10-UCRT 0.0.3 ERROR
r-patched-linux-x86_64 0.0.3 1.88 20.86 22.74 NOTE
r-patched-solaris-x86 0.0.3 42.30 NOTE
r-release-linux-x86_64 0.0.3 1.84 21.09 22.93 NOTE
r-release-macos-arm64 0.0.3 NOTE
r-release-macos-x86_64 0.0.3 NOTE
r-release-windows-ix86+x86_64 0.0.3 4.00 30.00 34.00 NOTE
r-oldrel-macos-x86_64 0.0.3 OK
r-oldrel-windows-ix86+x86_64 0.0.3 4.00 31.00 35.00 OK

Check Details

Version: 0.0.3
Check: LazyData
Result: NOTE
     'LazyData' is specified without a 'data' directory
Flavors: r-devel-linux-x86_64-debian-clang, r-devel-linux-x86_64-debian-gcc, r-devel-linux-x86_64-fedora-clang, r-devel-linux-x86_64-fedora-gcc, r-devel-windows-x86_64, r-devel-windows-x86_64-gcc10-UCRT, r-patched-linux-x86_64, r-patched-solaris-x86, r-release-linux-x86_64, r-release-macos-arm64, r-release-macos-x86_64, r-release-windows-ix86+x86_64

Version: 0.0.3
Check: whether package can be installed
Result: WARN
    Found the following significant warnings:
     WARNING: installation-time patches will not be applied, could not get the patches index
Flavor: r-devel-windows-x86_64-gcc10-UCRT

Version: 0.0.3
Check: PDF version of manual
Result: WARN
    LaTeX errors when creating PDF version.
    This typically indicates Rd problems.
Flavor: r-devel-windows-x86_64-gcc10-UCRT

Version: 0.0.3
Check: PDF version of manual without hyperrefs or index
Result: ERROR
    Re-running with no redirection of stdout/stderr.
Flavor: r-devel-windows-x86_64-gcc10-UCRT