CRAN Package Check Results for Package hsdar

Last updated on 2021-06-17 15:49:08 CEST.

Flavor Version Tinstall Tcheck Ttotal Status Flags
r-devel-linux-x86_64-debian-clang 1.0.3 65.53 347.27 412.80 OK
r-devel-linux-x86_64-debian-gcc 1.0.3 50.59 251.37 301.96 OK
r-devel-linux-x86_64-fedora-clang 1.0.3 499.31 NOTE
r-devel-linux-x86_64-fedora-gcc 1.0.3 481.38 OK
r-devel-windows-x86_64 1.0.3 100.00 410.00 510.00 NOTE
r-devel-windows-x86_64-gcc10-UCRT 1.0.3 OK
r-patched-linux-x86_64 1.0.3 71.86 325.10 396.96 OK
r-patched-solaris-x86 1.0.3 622.70 NOTE
r-release-linux-x86_64 1.0.3 61.52 326.89 388.41 OK
r-release-macos-arm64 1.0.3 NOTE
r-release-macos-x86_64 1.0.3 NOTE
r-release-windows-ix86+x86_64 1.0.3 131.00 528.00 659.00 NOTE
r-oldrel-macos-x86_64 1.0.3 NOTE
r-oldrel-windows-ix86+x86_64 1.0.3 99.00 546.00 645.00 NOTE

Check Details

Version: 1.0.3
Check: installed package size
Result: NOTE
     installed size is 6.0Mb
     sub-directories of 1Mb or more:
     R 1.8Mb
     doc 2.5Mb
Flavors: r-devel-linux-x86_64-fedora-clang, r-devel-windows-x86_64, r-patched-solaris-x86, r-release-macos-arm64, r-release-macos-x86_64, r-release-windows-ix86+x86_64, r-oldrel-macos-x86_64, r-oldrel-windows-ix86+x86_64