CRAN Package Check Results for Package highcharter

Last updated on 2023-02-03 23:51:37 CET.

Flavor Version Tinstall Tcheck Ttotal Status Flags
r-devel-linux-x86_64-debian-clang 0.9.4 15.54 140.52 156.06 OK
r-devel-linux-x86_64-debian-gcc 0.9.4 12.62 103.01 115.63 OK
r-devel-linux-x86_64-fedora-clang 0.9.4 189.68 NOTE
r-devel-linux-x86_64-fedora-gcc 0.9.4 178.16 NOTE
r-devel-windows-x86_64 0.9.4 351.00 305.00 656.00 OK
r-patched-linux-x86_64 0.9.4 15.96 131.82 147.78 OK
r-release-linux-x86_64 0.9.4 14.01 129.42 143.43 OK
r-release-macos-arm64 0.9.4 57.00 NOTE
r-release-macos-x86_64 0.9.4 111.00 NOTE
r-release-windows-x86_64 0.9.4 182.00 273.00 455.00 OK
r-oldrel-macos-arm64 0.9.4 53.00 NOTE
r-oldrel-macos-x86_64 0.9.4 77.00 NOTE
r-oldrel-windows-ix86+x86_64 0.9.4 30.00 184.00 214.00 OK

Check Details

Version: 0.9.4
Check: data for non-ASCII characters
Result: NOTE
     Note: found 11 marked UTF-8 strings
Flavors: r-devel-linux-x86_64-fedora-clang, r-devel-linux-x86_64-fedora-gcc, r-release-macos-arm64, r-release-macos-x86_64, r-oldrel-macos-arm64, r-oldrel-macos-x86_64