Last updated on 2022-08-10 15:51:25 CEST.
Flavor | Version | Tinstall | Tcheck | Ttotal | Status | Flags |
---|---|---|---|---|---|---|
r-devel-linux-x86_64-debian-clang | 1.3.5 | 59.26 | 134.61 | 193.87 | OK | |
r-devel-linux-x86_64-debian-gcc | 1.3.5 | 50.92 | 102.41 | 153.33 | OK | |
r-devel-linux-x86_64-fedora-clang | 1.3.5 | 251.32 | NOTE | |||
r-devel-linux-x86_64-fedora-gcc | 1.3.5 | 246.69 | OK | |||
r-devel-windows-x86_64 | 1.3.5 | 264.00 | 186.00 | 450.00 | NOTE | |
r-patched-linux-x86_64 | 1.3.5 | 53.57 | 124.73 | 178.30 | OK | |
r-release-linux-x86_64 | 1.3.5 | OK | ||||
r-release-macos-arm64 | 1.3.5 | 76.00 | NOTE | |||
r-release-macos-x86_64 | 1.3.5 | 97.00 | NOTE | |||
r-release-windows-x86_64 | 1.3.5 | 219.00 | 180.00 | 399.00 | NOTE | |
r-oldrel-macos-arm64 | 1.3.5 | 78.00 | NOTE | |||
r-oldrel-macos-x86_64 | 1.3.5 | 94.00 | NOTE | |||
r-oldrel-windows-ix86+x86_64 | 1.3.5 | 105.00 | 225.00 | 330.00 | NOTE |
Version: 1.3.5
Check: installed package size
Result: NOTE
installed size is 6.2Mb
sub-directories of 1Mb or more:
libs 1.5Mb
Flavors: r-devel-linux-x86_64-fedora-clang, r-devel-windows-x86_64, r-release-macos-arm64, r-release-macos-x86_64, r-release-windows-x86_64, r-oldrel-macos-arm64, r-oldrel-macos-x86_64, r-oldrel-windows-ix86+x86_64