CRAN Package Check Results for Package gutenbergr

Last updated on 2021-05-10 03:48:46 CEST.

Flavor Version Tinstall Tcheck Ttotal Status Flags
r-devel-linux-x86_64-debian-clang 0.2.0 7.95 89.87 97.82 OK
r-devel-linux-x86_64-debian-gcc 0.2.0 6.69 64.81 71.50 OK
r-devel-linux-x86_64-fedora-clang 0.2.0 119.68 NOTE
r-devel-linux-x86_64-fedora-gcc 0.2.0 111.02 NOTE
r-devel-windows-ix86+x86_64 0.2.0 12.00 147.00 159.00 OK
r-devel-windows-x86_64-gcc10-UCRT 0.2.0 ERROR
r-patched-linux-x86_64 0.2.0 7.38 83.06 90.44 OK
r-patched-solaris-x86 0.2.0 156.70 NOTE
r-release-linux-x86_64 0.2.0 6.85 82.75 89.60 OK
r-release-macos-x86_64 0.2.0 NOTE
r-release-windows-ix86+x86_64 0.2.0 14.00 115.00 129.00 OK
r-oldrel-macos-x86_64 0.2.0 NOTE
r-oldrel-windows-ix86+x86_64 0.2.0 17.00 113.00 130.00 OK

Check Details

Version: 0.2.0
Check: data for non-ASCII characters
Result: NOTE
     Note: found 13617 marked UTF-8 strings
Flavors: r-devel-linux-x86_64-fedora-clang, r-devel-linux-x86_64-fedora-gcc, r-devel-windows-x86_64-gcc10-UCRT, r-patched-solaris-x86, r-release-macos-x86_64, r-oldrel-macos-x86_64

Version: 0.2.0
Check: examples
Result: ERROR
    Running examples in 'gutenbergr-Ex.R' failed
    The error most likely occurred in:
    
    > ### Name: gutenberg_strip
    > ### Title: Strip header and footer content from a Project Gutenberg book
    > ### Aliases: gutenberg_strip
    >
    > ### ** Examples
    >
    >
    > library(dplyr)
    
    Attaching package: 'dplyr'
    
    The following objects are masked from 'package:stats':
    
     filter, lag
    
    The following objects are masked from 'package:base':
    
     intersect, setdiff, setequal, union
    
    > book <- gutenberg_works(title == "Pride and Prejudice") %>%
    + gutenberg_download(strip = FALSE)
    Determining mirror for Project Gutenberg from http://www.gutenberg.org/robot/harvest
    Error in open.connection(con, "rb") :
     Timeout was reached: [www.gutenberg.org] Operation timed out after 10006 milliseconds with 0 out of 0 bytes received
    Calls: %>% ... datasource_connection -> read_connection -> open -> open.connection
    Execution halted
Flavor: r-devel-windows-x86_64-gcc10-UCRT