CRAN Package Check Results for Package growfunctions

Last updated on 2022-05-24 03:55:12 CEST.

Flavor Version Tinstall Tcheck Ttotal Status Flags
r-devel-linux-x86_64-debian-clang 0.15 276.77 150.89 427.66 OK
r-devel-linux-x86_64-debian-gcc 0.15 226.73 108.50 335.23 OK
r-devel-linux-x86_64-fedora-clang 0.15 595.23 NOTE
r-devel-linux-x86_64-fedora-gcc 0.15 549.13 OK
r-devel-windows-x86_64 0.15 215.00 190.00 405.00 OK
r-patched-linux-x86_64 0.15 233.51 138.00 371.51 OK
r-release-linux-x86_64 0.15 OK
r-release-macos-arm64 0.15 126.00 NOTE
r-release-macos-x86_64 0.15 218.00 NOTE
r-release-windows-x86_64 0.15 222.00 190.00 412.00 OK
r-oldrel-macos-arm64 0.15 141.00 NOTE
r-oldrel-macos-x86_64 0.15 150.00 NOTE
r-oldrel-windows-ix86+x86_64 0.15 636.00 256.00 892.00 OK

Check Details

Version: 0.15
Check: installed package size
Result: NOTE
     installed size is 12.2Mb
     sub-directories of 1Mb or more:
     libs 11.7Mb
Flavors: r-devel-linux-x86_64-fedora-clang, r-release-macos-arm64, r-release-macos-x86_64, r-oldrel-macos-arm64, r-oldrel-macos-x86_64