CRAN Package Check Results for Package gridBase

Last updated on 2022-06-30 03:53:24 CEST.

Flavor Version Tinstall Tcheck Ttotal Status Flags
r-devel-linux-x86_64-debian-clang 0.4-7 2.14 28.58 30.72 NOTE
r-devel-linux-x86_64-debian-gcc 0.4-7 1.81 22.04 23.85 NOTE
r-devel-linux-x86_64-fedora-clang 0.4-7 48.43 NOTE
r-devel-linux-x86_64-fedora-gcc 0.4-7 47.69 NOTE
r-devel-windows-x86_64 0.4-7 14.00 64.00 78.00 NOTE
r-patched-linux-x86_64 0.4-7 2.58 27.02 29.60 NOTE
r-release-linux-x86_64 0.4-7 1.94 28.04 29.98 NOTE
r-release-macos-arm64 0.4-7 20.00 NOTE
r-release-macos-x86_64 0.4-7 26.00 NOTE
r-release-windows-x86_64 0.4-7 13.00 66.00 79.00 NOTE
r-oldrel-macos-arm64 0.4-7 36.00 NOTE
r-oldrel-macos-x86_64 0.4-7 35.00 NOTE
r-oldrel-windows-ix86+x86_64 0.4-7 5.00 46.00 51.00 NOTE

Check Details

Version: 0.4-7
Check: DESCRIPTION meta-information
Result: NOTE
    Malformed Description field: should contain one or more complete sentences.
Flavors: r-devel-linux-x86_64-debian-clang, r-devel-linux-x86_64-debian-gcc, r-devel-linux-x86_64-fedora-clang, r-devel-linux-x86_64-fedora-gcc, r-devel-windows-x86_64, r-patched-linux-x86_64, r-release-linux-x86_64, r-release-macos-arm64, r-release-macos-x86_64, r-release-windows-x86_64, r-oldrel-macos-arm64, r-oldrel-macos-x86_64, r-oldrel-windows-ix86+x86_64