Last updated on 2021-04-15 15:48:10 CEST.
Flavor | Version | Tinstall | Tcheck | Ttotal | Status | Flags |
---|---|---|---|---|---|---|
r-devel-linux-x86_64-debian-clang | 1.5-10 | 8.68 | 61.58 | 70.26 | OK | |
r-devel-linux-x86_64-debian-gcc | 1.5-10 | 6.50 | 47.26 | 53.76 | OK | |
r-devel-linux-x86_64-fedora-clang | 1.5-10 | 94.41 | NOTE | |||
r-devel-linux-x86_64-fedora-gcc | 1.5-10 | 82.32 | OK | |||
r-devel-windows-ix86+x86_64 | 1.5-10 | 21.00 | 105.00 | 126.00 | OK | |
r-devel-windows-x86_64-gcc10-UCRT | 1.5-10 | OK | ||||
r-patched-linux-x86_64 | 1.5-10 | 8.01 | 57.78 | 65.79 | OK | |
r-patched-solaris-x86 | 1.5-10 | 114.10 | OK | |||
r-release-linux-x86_64 | 1.5-10 | 8.02 | 57.75 | 65.77 | OK | |
r-release-macos-x86_64 | 1.5-10 | OK | ||||
r-release-windows-ix86+x86_64 | 1.5-10 | 18.00 | 113.00 | 131.00 | OK | |
r-oldrel-macos-x86_64 | 1.5-10 | OK | ||||
r-oldrel-windows-ix86+x86_64 | 1.5-10 | 19.00 | 74.00 | 93.00 | OK |
Version: 1.5-10
Check: Rd cross-references
Result: NOTE
Undeclared package ‘rgeos’ in Rd xrefs
Flavor: r-devel-linux-x86_64-fedora-clang