Last updated on 2023-06-08 16:56:39 CEST.
Flavor | Version | Tinstall | Tcheck | Ttotal | Status | Flags |
---|---|---|---|---|---|---|
r-devel-linux-x86_64-debian-clang | 2.0.3 | 87.35 | 35.76 | 123.11 | NOTE | |
r-devel-linux-x86_64-debian-gcc | 2.0.3 | 72.84 | 28.00 | 100.84 | NOTE | |
r-devel-linux-x86_64-fedora-clang | 2.0.3 | 193.16 | NOTE | |||
r-devel-linux-x86_64-fedora-gcc | 2.0.3 | 202.53 | NOTE | |||
r-devel-windows-x86_64 | 2.0.3 | 68.00 | 74.00 | 142.00 | NOTE | |
r-patched-linux-x86_64 | 2.0.3 | 80.21 | 34.42 | 114.63 | NOTE | |
r-release-linux-x86_64 | 2.0.3 | 82.18 | 34.48 | 116.66 | NOTE | |
r-release-macos-arm64 | 2.0.3 | 64.00 | NOTE | |||
r-release-macos-x86_64 | 2.0.3 | 96.00 | NOTE | |||
r-release-windows-x86_64 | 2.0.3 | 92.00 | 81.00 | 173.00 | NOTE | |
r-oldrel-macos-arm64 | 2.0.3 | 48.00 | NOTE | |||
r-oldrel-macos-x86_64 | 2.0.3 | 63.00 | NOTE | |||
r-oldrel-windows-x86_64 | 2.0.3 | 84.00 | 79.00 | 163.00 | OK |
Version: 2.0.3
Check: C++ specification
Result: NOTE
Specified C++11: please drop specification unless essential
Flavors: r-devel-linux-x86_64-debian-clang, r-devel-linux-x86_64-debian-gcc, r-devel-linux-x86_64-fedora-clang, r-devel-linux-x86_64-fedora-gcc, r-devel-windows-x86_64, r-patched-linux-x86_64, r-release-linux-x86_64, r-release-macos-arm64, r-release-macos-x86_64, r-release-windows-x86_64
Version: 2.0.3
Check: installed package size
Result: NOTE
installed size is 6.7Mb
sub-directories of 1Mb or more:
help 1.3Mb
libs 4.6Mb
Flavors: r-release-macos-arm64, r-release-macos-x86_64, r-oldrel-macos-arm64, r-oldrel-macos-x86_64