CRAN Package Check Results for Package gemtc

Last updated on 2021-09-21 15:50:53 CEST.

Flavor Version Tinstall Tcheck Ttotal Status Flags
r-devel-linux-x86_64-debian-clang 1.0-1 8.99 117.69 126.68 OK
r-devel-linux-x86_64-debian-gcc 1.0-1 7.19 86.34 93.53 OK
r-devel-linux-x86_64-fedora-clang 1.0-1 156.11 OK
r-devel-linux-x86_64-fedora-gcc 1.0-1 144.24 OK
r-devel-windows-x86_64 1.0-1 14.00 98.00 112.00 OK
r-devel-windows-x86_64-gcc10-UCRT 1.0-1 ERROR
r-patched-linux-x86_64 1.0-1 10.39 111.11 121.50 OK
r-patched-solaris-x86 1.0-1 196.80 OK
r-release-linux-x86_64 1.0-1 9.14 110.43 119.57 OK
r-release-macos-arm64 1.0-1 OK
r-release-macos-x86_64 1.0-1 OK
r-release-windows-ix86+x86_64 1.0-1 20.00 153.00 173.00 OK
r-oldrel-macos-x86_64 1.0-1 OK
r-oldrel-windows-ix86+x86_64 1.0-1 20.00 188.00 208.00 OK

Check Details

Version: 1.0-1
Check: whether package can be installed
Result: ERROR
    Installation failed.
Flavor: r-devel-windows-x86_64-gcc10-UCRT