Last updated on 2023-03-26 21:54:35 CEST.
Flavor | Version | Tinstall | Tcheck | Ttotal | Status | Flags |
---|---|---|---|---|---|---|
r-devel-linux-x86_64-debian-clang | 0.1.6 | 5.12 | 151.88 | 157.00 | OK | |
r-devel-linux-x86_64-debian-gcc | 0.1.6 | 4.16 | 106.56 | 110.72 | OK | |
r-devel-linux-x86_64-fedora-gcc | 0.1.6 | 189.08 | OK | |||
r-patched-linux-x86_64 | 0.1.6 | 9.87 | 134.92 | 144.79 | OK | |
r-release-linux-x86_64 | 0.1.6 | 5.65 | 137.31 | 142.96 | OK | |
r-release-macos-arm64 | 0.1.6 | 74.00 | NOTE | |||
r-release-macos-x86_64 | 0.1.6 | 133.00 | OK | |||
r-release-windows-x86_64 | 0.1.6 | 26.00 | 170.00 | 196.00 | OK | |
r-oldrel-macos-arm64 | 0.1.6 | 65.00 | OK | |||
r-oldrel-macos-x86_64 | 0.1.6 | 82.00 | OK | |||
r-oldrel-windows-ix86+x86_64 | 0.1.6 | 13.00 | 178.00 | 191.00 | OK |
Version: 0.1.6
Check: package dependencies
Result: NOTE
Package suggested but not available for checking: ‘IRanges’
Flavor: r-release-macos-arm64
Version: 0.1.6
Check: Rd cross-references
Result: NOTE
Package unavailable to check Rd xrefs: ‘IRanges’
Flavor: r-release-macos-arm64