CRAN Package Check Results for Package furrr

Last updated on 2021-06-16 15:49:54 CEST.

Flavor Version Tinstall Tcheck Ttotal Status Flags
r-devel-linux-x86_64-debian-clang 0.2.2 4.47 93.19 97.66 NOTE
r-devel-linux-x86_64-debian-gcc 0.2.2 3.23 68.63 71.86 NOTE
r-devel-linux-x86_64-fedora-clang 0.2.2 118.13 NOTE
r-devel-linux-x86_64-fedora-gcc 0.2.2 110.44 NOTE
r-devel-windows-x86_64 0.2.2 7.00 185.00 192.00 NOTE
r-devel-windows-x86_64-gcc10-UCRT 0.2.2 NOTE
r-patched-linux-x86_64 0.2.2 4.34 88.02 92.36 NOTE
r-patched-solaris-x86 0.2.2 411.50 NOTE
r-release-linux-x86_64 0.2.2 3.39 87.34 90.73 NOTE
r-release-macos-arm64 0.2.2 NOTE
r-release-macos-x86_64 0.2.2 ERROR
r-release-windows-ix86+x86_64 0.2.2 9.00 184.00 193.00 NOTE
r-oldrel-macos-x86_64 0.2.2 OK
r-oldrel-windows-ix86+x86_64 0.2.2 6.00 243.00 249.00 OK

Check Details

Version: 0.2.2
Check: LazyData
Result: NOTE
     'LazyData' is specified without a 'data' directory
Flavors: r-devel-linux-x86_64-debian-clang, r-devel-linux-x86_64-debian-gcc, r-devel-linux-x86_64-fedora-clang, r-devel-linux-x86_64-fedora-gcc, r-devel-windows-x86_64, r-devel-windows-x86_64-gcc10-UCRT, r-patched-linux-x86_64, r-patched-solaris-x86, r-release-linux-x86_64, r-release-macos-arm64, r-release-macos-x86_64, r-release-windows-ix86+x86_64

Version: 0.2.2
Check: tests
Result: ERROR
     Running ‘testthat.R’ [1m/30m]
    Running the tests in ‘tests/testthat.R’ failed.
    Last 13 lines of output:
     > library(testthat)
     > library(furrr)
     Loading required package: future
     >
     > test_check("furrr")
    
     Attaching package: 'purrr'
    
     The following object is masked from 'package:testthat':
    
     is_null
    
    
     Execution halted
    * checking PDF version of manual ...* using check arguments '--no-clean-on-error '
Flavor: r-release-macos-x86_64