Last updated on 2021-03-02 02:47:08 CET.
Flavor | Version | Tinstall | Tcheck | Ttotal | Status | Flags |
---|---|---|---|---|---|---|
r-devel-linux-x86_64-debian-clang | 0.1.6 | OK | ||||
r-devel-linux-x86_64-debian-gcc | 0.1.6 | 36.74 | 115.84 | 152.58 | OK | |
r-devel-linux-x86_64-fedora-clang | 0.1.6 | 261.45 | NOTE | |||
r-devel-linux-x86_64-fedora-gcc | 0.1.6 | 245.72 | OK | |||
r-devel-windows-ix86+x86_64 | 0.1.6 | 67.00 | 190.00 | 257.00 | OK | |
r-patched-linux-x86_64 | 0.1.6 | 41.65 | 145.83 | 187.48 | OK | |
r-patched-solaris-x86 | 0.1.6 | 283.90 | OK | |||
r-release-linux-x86_64 | 0.1.6 | 39.43 | 146.27 | 185.70 | OK | |
r-release-macos-x86_64 | 0.1.6 | NOTE | ||||
r-release-windows-ix86+x86_64 | 0.1.6 | 94.00 | 280.00 | 374.00 | OK | |
r-oldrel-macos-x86_64 | 0.1.6 | NOTE | ||||
r-oldrel-windows-ix86+x86_64 | 0.1.6 | 59.00 | 234.00 | 293.00 | OK |
Version: 0.1.6
Check: installed package size
Result: NOTE
installed size is 13.9Mb
sub-directories of 1Mb or more:
libs 13.1Mb
Flavors: r-devel-linux-x86_64-fedora-clang, r-release-macos-x86_64, r-oldrel-macos-x86_64