CRAN Package Check Results for Package flightplot

Last updated on 2021-05-10 03:48:44 CEST.

Flavor Version Tinstall Tcheck Ttotal Status Flags
r-devel-linux-x86_64-debian-clang 0.1.0 5.15 49.51 54.66 OK
r-devel-linux-x86_64-debian-gcc 0.1.0 3.80 36.89 40.69 OK
r-devel-linux-x86_64-fedora-clang 0.1.0 74.66 NOTE
r-devel-linux-x86_64-fedora-gcc 0.1.0 63.07 NOTE
r-devel-windows-ix86+x86_64 0.1.0 19.00 68.00 87.00 OK
r-devel-windows-x86_64-gcc10-UCRT 0.1.0 NOTE
r-patched-linux-x86_64 0.1.0 4.87 46.72 51.59 OK
r-patched-solaris-x86 0.1.0 93.00 NOTE
r-release-linux-x86_64 0.1.0 3.95 46.21 50.16 OK
r-release-macos-x86_64 0.1.0 NOTE
r-release-windows-ix86+x86_64 0.1.0 13.00 50.00 63.00 OK
r-oldrel-macos-x86_64 0.1.0 NOTE
r-oldrel-windows-ix86+x86_64 0.1.0 12.00 65.00 77.00 OK

Check Details

Version: 0.1.0
Check: data for non-ASCII characters
Result: NOTE
     Note: found 710 marked UTF-8 strings
Flavors: r-devel-linux-x86_64-fedora-clang, r-devel-linux-x86_64-fedora-gcc, r-devel-windows-x86_64-gcc10-UCRT, r-patched-solaris-x86, r-release-macos-x86_64, r-oldrel-macos-x86_64