Last updated on 2021-03-02 02:47:08 CET.
Flavor | Version | Tinstall | Tcheck | Ttotal | Status | Flags |
---|---|---|---|---|---|---|
r-devel-linux-x86_64-debian-clang | 0.4.4 | OK | ||||
r-devel-linux-x86_64-debian-gcc | 0.4.4 | 12.16 | 99.55 | 111.71 | OK | |
r-devel-linux-x86_64-fedora-clang | 0.4.4 | 257.75 | NOTE | |||
r-devel-linux-x86_64-fedora-gcc | 0.4.4 | 255.68 | NOTE | |||
r-devel-windows-ix86+x86_64 | 0.4.4 | 27.00 | 127.00 | 154.00 | OK | |
r-patched-linux-x86_64 | 0.4.4 | 14.37 | 123.07 | 137.44 | OK | |
r-patched-solaris-x86 | 0.4.4 | 235.00 | NOTE | |||
r-release-linux-x86_64 | 0.4.4 | 14.22 | 123.73 | 137.95 | OK | |
r-release-macos-x86_64 | 0.4.4 | NOTE | ||||
r-release-windows-ix86+x86_64 | 0.4.4 | 45.00 | 184.00 | 229.00 | OK | |
r-oldrel-macos-x86_64 | 0.4.4 | NOTE | ||||
r-oldrel-windows-ix86+x86_64 | 0.4.4 | 26.00 | 175.00 | 201.00 | OK |
Version: 0.4.4
Check: dependencies in R code
Result: NOTE
Namespaces in Imports field not imported from:
‘magrittr’ ‘testthat’
All declared Imports should be used.
Flavors: r-devel-linux-x86_64-fedora-clang, r-devel-linux-x86_64-fedora-gcc, r-patched-solaris-x86, r-release-macos-x86_64, r-oldrel-macos-x86_64