Last updated on 2023-03-26 21:54:34 CEST.
Flavor | Version | Tinstall | Tcheck | Ttotal | Status | Flags |
---|---|---|---|---|---|---|
r-devel-linux-x86_64-debian-clang | 2.1.0 | 3.06 | 63.36 | 66.42 | NOTE | |
r-devel-linux-x86_64-debian-gcc | 2.1.0 | 2.50 | 47.58 | 50.08 | NOTE | |
r-devel-linux-x86_64-fedora-gcc | 2.1.0 | 80.52 | NOTE | |||
r-patched-linux-x86_64 | 2.1.0 | 4.22 | 60.43 | 64.65 | NOTE | |
r-release-linux-x86_64 | 2.1.0 | 3.10 | 61.56 | 64.66 | OK | |
r-release-macos-arm64 | 2.1.0 | 32.00 | OK | |||
r-release-macos-x86_64 | 2.1.0 | 39.00 | OK | |||
r-release-windows-x86_64 | 2.1.0 | 9.00 | 98.00 | 107.00 | OK | |
r-oldrel-macos-arm64 | 2.1.0 | 35.00 | OK | |||
r-oldrel-macos-x86_64 | 2.1.0 | 54.00 | OK | |||
r-oldrel-windows-ix86+x86_64 | 2.1.0 | 7.00 | 89.00 | 96.00 | OK |
Version: 2.1.0
Check: Rd files
Result: NOTE
checkRd: (-1) calculateGLR.Rd:43: Escaped LaTeX specials: \&
Flavors: r-devel-linux-x86_64-debian-clang, r-devel-linux-x86_64-debian-gcc, r-devel-linux-x86_64-fedora-gcc, r-patched-linux-x86_64