CRAN Package Check Results for Package emuR

Last updated on 2021-10-21 15:50:59 CEST.

Flavor Version Tinstall Tcheck Ttotal Status Flags
r-devel-linux-x86_64-debian-clang 2.3.0 22.24 266.65 288.89 OK
r-devel-linux-x86_64-debian-gcc 2.3.0 20.42 195.81 216.23 OK
r-devel-linux-x86_64-fedora-clang 2.3.0 349.94 OK
r-devel-linux-x86_64-fedora-gcc 2.3.0 336.99 OK
r-devel-windows-x86_64 2.3.0 35.00 314.00 349.00 ERROR
r-devel-windows-x86_64-gcc10-UCRT 2.3.0 ERROR
r-patched-linux-x86_64 2.3.0 30.71 256.46 287.17 OK
r-patched-solaris-x86 2.3.0 398.30 OK
r-release-linux-x86_64 2.3.0 17.52 257.77 275.29 OK
r-release-macos-arm64 2.3.0 OK
r-release-macos-x86_64 2.3.0 OK
r-release-windows-ix86+x86_64 2.3.0 36.00 313.00 349.00 ERROR
r-oldrel-macos-x86_64 2.3.0 OK
r-oldrel-windows-ix86+x86_64 2.3.0 39.00 327.00 366.00 ERROR

Check Details

Version: 2.3.0
Check: tests
Result: ERROR
     Running 'testthat.R' [161s]
    Running the tests in 'tests/testthat.R' failed.
    Complete output:
     > library(testthat)
     > test_check("emuR")
     Loading required package: emuR
    
     Attaching package: 'emuR'
    
     The following object is masked from 'package:base':
    
     norm
    
     [1] "INFO: No bundleList dir found in emuDB (path: D:\\temp\\RtmpUbXQAJ\\emuR_testthat\\ae_emuDB/bundleLists)! Creating directory..."
     INFO: Rewriting 7 _annot.json files to file system...
    
     |
     | | 0%
     |
     |========== | 14%
     |
     |==================== | 29%
     |
     |============================== | 43%
     |
     |======================================== | 57%
     |
     |================================================== | 71%
     |
     |============================================================ | 86%
     |
     |======================================================================| 100%
     INFO: parsing 14 fms segments/events
    
     |
     | | 0%
     |
     |===== | 7%
     |
     |========== | 14%
     |
     |=============== | 21%
     |
     |==================== | 29%
     |
     |========================= | 36%
     |
     |============================== | 43%
     |
     |=================================== | 50%
     |
     |======================================== | 57%
     |
     |============================================= | 64%
     |
     |================================================== | 71%
     |
     |======================================================= | 79%
     |
     |============================================================ | 86%
     |
     |================================================================= | 93%
     |
     |======================================================================| 100%
    
     INFO: parsing 14 fms segments/events
    
     |
     | | 0%
     |
     |===== | 7%
     |
     |========== | 14%
     |
     |=============== | 21%
     |
     |==================== | 29%
     |
     |========================= | 36%
     |
     |============================== | 43%
     |
     |=================================== | 50%
     |
     |======================================== | 57%
     |
     |============================================= | 64%
     |
     |================================================== | 71%
     |
     |======================================================= | 79%
     |
     |============================================================ | 86%
     |
     |================================================================= | 93%
     |
     |======================================================================| 100%
     Read 16 items
     Read 12 records
     Read 24 items
     Read 20 records
     == Skipped tests ===============================================================
     * On CRAN (6)
     * empty test (29)
     * skipping as it takes 4 ever to test -> make sure to rerun on deploy (2)
    
     == Failed tests ================================================================
     -- Error (test_emuR-database.flatfiledata.R:54:3): join_flatFileData works on emuDB level --
     Error: Cannot open file for writing:
     * 'D:\temp\RtmpUbXQAJ\emuR_testthat\ae_emuDB\ae_long.csv'
     Backtrace:
     x
     1. \-readr::write_excel_csv2(x = long_data, file = file_path) test_emuR-database.flatfiledata.R:54:2
     2. \-readr::write_excel_csv(...)
     3. \-vroom::vroom_write(...)
     4. \-vroom:::vroom_write_(...)
     -- Error (test_emuR-database.flatfiledata.R:100:3): join_flatFileData works on single session level --
     Error in `read_and_join_long_flatData(emuDBhandle, file = path2flatDataFile,
     x = x, readFunction = readFunction)`: D:\temp\RtmpUbXQAJ\emuR_testthat\ae_emuDB/ae_long.csv doesn't only contain the columns 'key' and 'value'. Only these two columns are permitted!
     Backtrace:
     x
     1. \-emuR:::join_flatFileData(db, sl) test_emuR-database.flatfiledata.R:100:2
     2. \-emuR:::read_and_join_long_flatData(...)
     -- Error (test_emuR-database.flatfiledata.R:160:3): join_flatFileData works on single bundle level --
     Error in `read_and_join_long_flatData(emuDBhandle, file = path2flatDataFile,
     x = x, readFunction = readFunction)`: D:\temp\RtmpUbXQAJ\emuR_testthat\ae_emuDB/ae_long.csv doesn't only contain the columns 'key' and 'value'. Only these two columns are permitted!
     Backtrace:
     x
     1. \-emuR:::join_flatFileData(db, sl) test_emuR-database.flatfiledata.R:160:2
     2. \-emuR:::read_and_join_long_flatData(...)
    
     [ FAIL 3 | WARN 0 | SKIP 37 | PASS 830 ]
     Error: Test failures
     In addition: Warning message:
     call dbDisconnect() when finished working with a connection
     Execution halted
Flavor: r-devel-windows-x86_64

Version: 2.3.0
Check: tests
Result: ERROR
     Running 'testthat.R'
    Running the tests in 'tests/testthat.R' failed.
    Complete output:
     > library(testthat)
     > test_check("emuR")
     Loading required package: emuR
    
     Attaching package: 'emuR'
    
     The following object is masked from 'package:base':
    
     norm
    
     [1] "INFO: No bundleList dir found in emuDB (path: C:\\r_packages\\pkgcheck\\CRAN\\emuR\\tmp\\Rtmpsjd7oU\\emuR_testthat\\ae_emuDB/bundleLists)! Creating directory..."
     INFO: Rewriting 7 _annot.json files to file system...
    
     |
     | | 0%
     |
     |========== | 14%
     |
     |==================== | 29%
     |
     |============================== | 43%
     |
     |======================================== | 57%
     |
     |================================================== | 71%
     |
     |============================================================ | 86%
     |
     |======================================================================| 100%
     INFO: parsing 14 fms segments/events
    
     |
     | | 0%
     |
     |===== | 7%
     |
     |========== | 14%
     |
     |=============== | 21%
     |
     |==================== | 29%
     |
     |========================= | 36%
     |
     |============================== | 43%
     |
     |=================================== | 50%
     |
     |======================================== | 57%
     |
     |============================================= | 64%
     |
     |================================================== | 71%
     |
     |======================================================= | 79%
     |
     |============================================================ | 86%
     |
     |================================================================= | 93%
     |
     |======================================================================| 100%
    
     INFO: parsing 14 fms segments/events
    
     |
     | | 0%
     |
     |===== | 7%
     |
     |========== | 14%
     |
     |=============== | 21%
     |
     |==================== | 29%
     |
     |========================= | 36%
     |
     |============================== | 43%
     |
     |=================================== | 50%
     |
     |======================================== | 57%
     |
     |============================================= | 64%
     |
     |================================================== | 71%
     |
     |======================================================= | 79%
     |
     |============================================================ | 86%
     |
     |================================================================= | 93%
     |
     |======================================================================| 100%
     Read 16 items
     Read 12 records
     Read 24 items
     Read 20 records
     ══ Skipped tests ═══════════════════════════════════════════════════════════════
     • On CRAN (6)
     • empty test (29)
     • skipping as it takes 4 ever to test -> make sure to rerun on deploy (2)
    
     ══ Failed tests ════════════════════════════════════════════════════════════════
     ── Error (test_emuR-database.flatfiledata.R:54:3): join_flatFileData works on emuDB level ──
     Error: Cannot open file for writing:
     * 'C:\r_packages\pkgcheck\CRAN\emuR\tmp\Rtmpsjd7oU\emuR_testthat\ae_emuDB\ae_long.csv'
     Backtrace:
     █
     1. └─readr::write_excel_csv2(x = long_data, file = file_path) test_emuR-database.flatfiledata.R:54:2
     2. └─readr::write_excel_csv(...)
     3. └─vroom::vroom_write(...)
     4. └─vroom:::vroom_write_(...)
     ── Error (test_emuR-database.flatfiledata.R:100:3): join_flatFileData works on single session level ──
     Error in `read_and_join_long_flatData(emuDBhandle, file = path2flatDataFile,
     x = x, readFunction = readFunction)`: C:\r_packages\pkgcheck\CRAN\emuR\tmp\Rtmpsjd7oU\emuR_testthat\ae_emuDB/ae_long.csv doesn't only contain the columns 'key' and 'value'. Only these two columns are permitted!
     Backtrace:
     █
     1. └─emuR:::join_flatFileData(db, sl) test_emuR-database.flatfiledata.R:100:2
     2. └─emuR:::read_and_join_long_flatData(...)
     ── Error (test_emuR-database.flatfiledata.R:160:3): join_flatFileData works on single bundle level ──
     Error in `read_and_join_long_flatData(emuDBhandle, file = path2flatDataFile,
     x = x, readFunction = readFunction)`: C:\r_packages\pkgcheck\CRAN\emuR\tmp\Rtmpsjd7oU\emuR_testthat\ae_emuDB/ae_long.csv doesn't only contain the columns 'key' and 'value'. Only these two columns are permitted!
     Backtrace:
     █
     1. └─emuR:::join_flatFileData(db, sl) test_emuR-database.flatfiledata.R:160:2
     2. └─emuR:::read_and_join_long_flatData(...)
    
     [ FAIL 3 | WARN 0 | SKIP 37 | PASS 830 ]
     Error: Test failures
     In addition: Warning message:
     call dbDisconnect() when finished working with a connection
     Execution halted
Flavor: r-devel-windows-x86_64-gcc10-UCRT

Version: 2.3.0
Check: tests
Result: ERROR
     Running 'testthat.R' [159s]
    Running the tests in 'tests/testthat.R' failed.
    Complete output:
     > library(testthat)
     > test_check("emuR")
     Loading required package: emuR
    
     Attaching package: 'emuR'
    
     The following object is masked from 'package:base':
    
     norm
    
     [1] "INFO: No bundleList dir found in emuDB (path: D:\\temp\\RtmpaQ8c7V\\emuR_testthat\\ae_emuDB/bundleLists)! Creating directory..."
     INFO: Rewriting 7 _annot.json files to file system...
    
     |
     | | 0%
     |
     |========== | 14%
     |
     |==================== | 29%
     |
     |============================== | 43%
     |
     |======================================== | 57%
     |
     |================================================== | 71%
     |
     |============================================================ | 86%
     |
     |======================================================================| 100%
     INFO: parsing 14 fms segments/events
    
     |
     | | 0%
     |
     |===== | 7%
     |
     |========== | 14%
     |
     |=============== | 21%
     |
     |==================== | 29%
     |
     |========================= | 36%
     |
     |============================== | 43%
     |
     |=================================== | 50%
     |
     |======================================== | 57%
     |
     |============================================= | 64%
     |
     |================================================== | 71%
     |
     |======================================================= | 79%
     |
     |============================================================ | 86%
     |
     |================================================================= | 93%
     |
     |======================================================================| 100%
    
     INFO: parsing 14 fms segments/events
    
     |
     | | 0%
     |
     |===== | 7%
     |
     |========== | 14%
     |
     |=============== | 21%
     |
     |==================== | 29%
     |
     |========================= | 36%
     |
     |============================== | 43%
     |
     |=================================== | 50%
     |
     |======================================== | 57%
     |
     |============================================= | 64%
     |
     |================================================== | 71%
     |
     |======================================================= | 79%
     |
     |============================================================ | 86%
     |
     |================================================================= | 93%
     |
     |======================================================================| 100%
     Read 16 items
     Read 12 records
     Read 24 items
     Read 20 records
     == Skipped tests ===============================================================
     * On CRAN (6)
     * empty test (29)
     * skipping as it takes 4 ever to test -> make sure to rerun on deploy (2)
    
     == Failed tests ================================================================
     -- Error (test_emuR-database.flatfiledata.R:54:3): join_flatFileData works on emuDB level --
     Error: Cannot open file for writing:
     * 'D:\temp\RtmpaQ8c7V\emuR_testthat\ae_emuDB\ae_long.csv'
     Backtrace:
     x
     1. \-readr::write_excel_csv2(x = long_data, file = file_path) test_emuR-database.flatfiledata.R:54:2
     2. \-readr::write_excel_csv(...)
     3. \-vroom::vroom_write(...)
     4. \-vroom:::vroom_write_(...)
     -- Error (test_emuR-database.flatfiledata.R:100:3): join_flatFileData works on single session level --
     Error in `read_and_join_long_flatData(emuDBhandle, file = path2flatDataFile,
     x = x, readFunction = readFunction)`: D:\temp\RtmpaQ8c7V\emuR_testthat\ae_emuDB/ae_long.csv doesn't only contain the columns 'key' and 'value'. Only these two columns are permitted!
     Backtrace:
     x
     1. \-emuR:::join_flatFileData(db, sl) test_emuR-database.flatfiledata.R:100:2
     2. \-emuR:::read_and_join_long_flatData(...)
     -- Error (test_emuR-database.flatfiledata.R:160:3): join_flatFileData works on single bundle level --
     Error in `read_and_join_long_flatData(emuDBhandle, file = path2flatDataFile,
     x = x, readFunction = readFunction)`: D:\temp\RtmpaQ8c7V\emuR_testthat\ae_emuDB/ae_long.csv doesn't only contain the columns 'key' and 'value'. Only these two columns are permitted!
     Backtrace:
     x
     1. \-emuR:::join_flatFileData(db, sl) test_emuR-database.flatfiledata.R:160:2
     2. \-emuR:::read_and_join_long_flatData(...)
    
     [ FAIL 3 | WARN 0 | SKIP 37 | PASS 830 ]
     Error: Test failures
     In addition: Warning message:
     call dbDisconnect() when finished working with a connection
     Execution halted
Flavor: r-release-windows-ix86+x86_64

Version: 2.3.0
Check: tests
Result: ERROR
     Running 'testthat.R' [167s]
    Running the tests in 'tests/testthat.R' failed.
    Complete output:
     > library(testthat)
     > test_check("emuR")
     Loading required package: emuR
    
     Attaching package: 'emuR'
    
     The following object is masked from 'package:base':
    
     norm
    
     [1] "INFO: No bundleList dir found in emuDB (path: D:\\temp\\Rtmpkh0yxT\\emuR_testthat\\ae_emuDB/bundleLists)! Creating directory..."
     INFO: Rewriting 7 _annot.json files to file system...
    
     |
     | | 0%
     |
     |========== | 14%
     |
     |==================== | 29%
     |
     |============================== | 43%
     |
     |======================================== | 57%
     |
     |================================================== | 71%
     |
     |============================================================ | 86%
     |
     |======================================================================| 100%
     INFO: parsing 14 fms segments/events
    
     |
     | | 0%
     |
     |===== | 7%
     |
     |========== | 14%
     |
     |=============== | 21%
     |
     |==================== | 29%
     |
     |========================= | 36%
     |
     |============================== | 43%
     |
     |=================================== | 50%
     |
     |======================================== | 57%
     |
     |============================================= | 64%
     |
     |================================================== | 71%
     |
     |======================================================= | 79%
     |
     |============================================================ | 86%
     |
     |================================================================= | 93%
     |
     |======================================================================| 100%
    
     INFO: parsing 14 fms segments/events
    
     |
     | | 0%
     |
     |===== | 7%
     |
     |========== | 14%
     |
     |=============== | 21%
     |
     |==================== | 29%
     |
     |========================= | 36%
     |
     |============================== | 43%
     |
     |=================================== | 50%
     |
     |======================================== | 57%
     |
     |============================================= | 64%
     |
     |================================================== | 71%
     |
     |======================================================= | 79%
     |
     |============================================================ | 86%
     |
     |================================================================= | 93%
     |
     |======================================================================| 100%
     Read 16 items
     Read 12 records
     Read 24 items
     Read 20 records
     == Skipped tests ===============================================================
     * On CRAN (6)
     * empty test (29)
     * skipping as it takes 4 ever to test -> make sure to rerun on deploy (2)
    
     == Failed tests ================================================================
     -- Error (test_emuR-database.flatfiledata.R:54:3): join_flatFileData works on emuDB level --
     Error: Cannot open file for writing:
     * 'D:\temp\Rtmpkh0yxT\emuR_testthat\ae_emuDB\ae_long.csv'
     Backtrace:
     x
     1. \-readr::write_excel_csv2(x = long_data, file = file_path) test_emuR-database.flatfiledata.R:54:2
     2. \-readr::write_excel_csv(...)
     3. \-vroom::vroom_write(...)
     4. \-vroom:::vroom_write_(...)
     -- Error (test_emuR-database.flatfiledata.R:100:3): join_flatFileData works on single session level --
     Error in `read_and_join_long_flatData(emuDBhandle, file = path2flatDataFile,
     x = x, readFunction = readFunction)`: D:\temp\Rtmpkh0yxT\emuR_testthat\ae_emuDB/ae_long.csv doesn't only contain the columns 'key' and 'value'. Only these two columns are permitted!
     Backtrace:
     x
     1. \-emuR:::join_flatFileData(db, sl) test_emuR-database.flatfiledata.R:100:2
     2. \-emuR:::read_and_join_long_flatData(...)
     -- Error (test_emuR-database.flatfiledata.R:160:3): join_flatFileData works on single bundle level --
     Error in `read_and_join_long_flatData(emuDBhandle, file = path2flatDataFile,
     x = x, readFunction = readFunction)`: D:\temp\Rtmpkh0yxT\emuR_testthat\ae_emuDB/ae_long.csv doesn't only contain the columns 'key' and 'value'. Only these two columns are permitted!
     Backtrace:
     x
     1. \-emuR:::join_flatFileData(db, sl) test_emuR-database.flatfiledata.R:160:2
     2. \-emuR:::read_and_join_long_flatData(...)
    
     [ FAIL 3 | WARN 0 | SKIP 37 | PASS 830 ]
     Error: Test failures
     In addition: Warning message:
     call dbDisconnect() when finished working with a connection
     Execution halted
Flavor: r-oldrel-windows-ix86+x86_64