CRAN Package Check Results for Package editData

Last updated on 2022-09-29 15:53:48 CEST.

Flavor Version Tinstall Tcheck Ttotal Status Flags
r-devel-linux-x86_64-debian-clang 0.1.8 9.49 69.79 79.28 OK
r-devel-linux-x86_64-debian-gcc 0.1.8 6.82 51.64 58.46 OK
r-devel-linux-x86_64-fedora-clang 0.1.8 109.67 NOTE
r-devel-linux-x86_64-fedora-gcc 0.1.8 100.64 NOTE
r-devel-windows-x86_64 0.1.8 24.00 102.00 126.00 OK
r-patched-linux-x86_64 0.1.8 5.26 66.12 71.38 OK
r-release-linux-x86_64 0.1.8 5.11 65.10 70.21 OK
r-release-macos-arm64 0.1.8 29.00 NOTE
r-release-macos-x86_64 0.1.8 47.00 NOTE
r-release-windows-x86_64 0.1.8 25.00 99.00 124.00 OK
r-oldrel-macos-arm64 0.1.8 31.00 NOTE
r-oldrel-macos-x86_64 0.1.8 54.00 NOTE
r-oldrel-windows-ix86+x86_64 0.1.8 20.00 93.00 113.00 OK

Check Details

Version: 0.1.8
Check: dependencies in R code
Result: NOTE
    Namespaces in Imports field not imported from:
     ‘dplyr’ ‘magrittr’ ‘tibble’
     All declared Imports should be used.
Flavors: r-devel-linux-x86_64-fedora-clang, r-devel-linux-x86_64-fedora-gcc, r-release-macos-arm64, r-release-macos-x86_64, r-oldrel-macos-arm64, r-oldrel-macos-x86_64