CRAN Package Check Results for Package edeaR

Last updated on 2021-09-21 15:50:48 CEST.

Flavor Version Tinstall Tcheck Ttotal Status Flags
r-devel-linux-x86_64-debian-clang 0.8.6 17.90 113.78 131.68 NOTE
r-devel-linux-x86_64-debian-gcc 0.8.6 12.24 83.30 95.54 NOTE
r-devel-linux-x86_64-fedora-clang 0.8.6 160.45 NOTE
r-devel-linux-x86_64-fedora-gcc 0.8.6 149.12 NOTE
r-devel-windows-x86_64 0.8.6 21.00 102.00 123.00 NOTE
r-devel-windows-x86_64-gcc10-UCRT 0.8.6 ERROR
r-patched-linux-x86_64 0.8.6 15.90 107.59 123.49 NOTE
r-patched-solaris-x86 0.8.6 200.10 NOTE
r-release-linux-x86_64 0.8.6 12.77 106.43 119.20 NOTE
r-release-macos-arm64 0.8.6 NOTE
r-release-macos-x86_64 0.8.6 NOTE
r-release-windows-ix86+x86_64 0.8.6 33.00 101.00 134.00 NOTE
r-oldrel-macos-x86_64 0.8.6 OK
r-oldrel-windows-ix86+x86_64 0.8.6 32.00 131.00 163.00 OK

Check Details

Version: 0.8.6
Check: LazyData
Result: NOTE
     'LazyData' is specified without a 'data' directory
Flavors: r-devel-linux-x86_64-debian-clang, r-devel-linux-x86_64-debian-gcc, r-devel-linux-x86_64-fedora-clang, r-devel-linux-x86_64-fedora-gcc, r-devel-windows-x86_64, r-devel-windows-x86_64-gcc10-UCRT, r-patched-linux-x86_64, r-patched-solaris-x86, r-release-linux-x86_64, r-release-macos-arm64, r-release-macos-x86_64, r-release-windows-ix86+x86_64

Version: 0.8.6
Check: Rd cross-references
Result: NOTE
    Undeclared package ‘magrittr’ in Rd xrefs
Flavor: r-devel-linux-x86_64-fedora-clang

Version: 0.8.6
Check: whether package can be installed
Result: WARN
    Found the following significant warnings:
     WARNING: installation-time patches will not be applied, could not get the patches index
Flavor: r-devel-windows-x86_64-gcc10-UCRT

Version: 0.8.6
Check: PDF version of manual
Result: WARN
    LaTeX errors when creating PDF version.
    This typically indicates Rd problems.
Flavor: r-devel-windows-x86_64-gcc10-UCRT

Version: 0.8.6
Check: PDF version of manual without hyperrefs or index
Result: ERROR
    Re-running with no redirection of stdout/stderr.
Flavor: r-devel-windows-x86_64-gcc10-UCRT