Last updated on 2022-05-24 03:55:09 CEST.
Flavor | Version | Tinstall | Tcheck | Ttotal | Status | Flags |
---|---|---|---|---|---|---|
r-devel-linux-x86_64-debian-clang | 2020.2-1 | 18.58 | 198.79 | 217.37 | OK | |
r-devel-linux-x86_64-debian-gcc | 2020.2-1 | 14.73 | 138.29 | 153.02 | OK | |
r-devel-linux-x86_64-fedora-clang | 2020.2-1 | 236.76 | NOTE | |||
r-devel-linux-x86_64-fedora-gcc | 2020.2-1 | 1123.58 | NOTE | |||
r-devel-windows-x86_64 | 2020.2-1 | 87.00 | 259.00 | 346.00 | OK | |
r-patched-linux-x86_64 | 2020.2-1 | 20.04 | 179.51 | 199.55 | OK | |
r-release-linux-x86_64 | 2020.2-1 | OK | ||||
r-release-macos-arm64 | 2020.2-1 | 308.00 | OK | |||
r-release-macos-x86_64 | 2020.2-1 | 603.00 | OK | |||
r-release-windows-x86_64 | 2020.2-1 | 79.00 | 258.00 | 337.00 | OK | |
r-oldrel-macos-arm64 | 2020.2-1 | 308.00 | OK | |||
r-oldrel-macos-x86_64 | 2020.2-1 | 905.00 | OK | |||
r-oldrel-windows-ix86+x86_64 | 2020.2-1 | 31.00 | 191.00 | 222.00 | OK |
Version: 2020.2-1
Check: Rd cross-references
Result: NOTE
Undeclared package ‘EvalEst’ in Rd xrefs
Flavor: r-devel-linux-x86_64-fedora-clang
Version: 2020.2-1
Check: compiled code
Result: NOTE
File ‘dse/libs/dse.so’:
Found no calls to: ‘R_registerRoutines’, ‘R_useDynamicSymbols’
It is good practice to register native routines and to disable symbol
search.
See ‘Writing portable packages’ in the ‘Writing R Extensions’ manual.
Flavors: r-devel-linux-x86_64-fedora-clang, r-devel-linux-x86_64-fedora-gcc