CRAN Package Check Results for Package datapackage.r

Last updated on 2021-12-03 14:52:17 CET.

Flavor Version Tinstall Tcheck Ttotal Status Flags
r-devel-linux-x86_64-debian-clang 1.3.4 8.56 138.92 147.48 OK
r-devel-linux-x86_64-debian-gcc 1.3.4 6.17 100.03 106.20 OK
r-devel-linux-x86_64-fedora-gcc 1.3.4 189.92 NOTE
r-devel-windows-x86_64-new-UL 1.3.4 20.00 220.00 240.00 OK
r-devel-windows-x86_64-new-TK 1.3.4 NOTE
r-devel-windows-x86_64-old 1.3.4 13.00 268.00 281.00 OK
r-patched-linux-x86_64 1.3.4 13.51 142.50 156.01 OK
r-release-linux-x86_64 1.3.4 7.00 141.74 148.74 OK
r-release-macos-arm64 1.3.4 NOTE
r-release-macos-x86_64 1.3.4 NOTE
r-release-windows-ix86+x86_64 1.3.4 14.00 353.00 367.00 OK
r-oldrel-macos-x86_64 1.3.4 NOTE
r-oldrel-windows-ix86+x86_64 1.3.4 15.00 353.00 368.00 OK

Check Details

Version: 1.3.4
Check: dependencies in R code
Result: NOTE
    Namespaces in Imports field not imported from:
     ‘future’ ‘iterators’ ‘readr’
     All declared Imports should be used.
Flavors: r-devel-linux-x86_64-fedora-gcc, r-devel-windows-x86_64-new-TK, r-release-macos-arm64, r-release-macos-x86_64, r-oldrel-macos-x86_64