CRAN Package Check Results for Package datapack

Last updated on 2021-10-21 15:50:57 CEST.

Flavor Version Tinstall Tcheck Ttotal Status Flags
r-devel-linux-x86_64-debian-clang 1.4.0 8.76 63.91 72.67 NOTE
r-devel-linux-x86_64-debian-gcc 1.4.0 5.94 48.32 54.26 NOTE
r-devel-linux-x86_64-fedora-clang 1.4.0 94.10 NOTE
r-devel-linux-x86_64-fedora-gcc 1.4.0 84.91 NOTE
r-devel-windows-x86_64 1.4.0 15.00 93.00 108.00 NOTE
r-devel-windows-x86_64-gcc10-UCRT 1.4.0 WARN
r-patched-linux-x86_64 1.4.0 8.74 59.73 68.47 NOTE
r-patched-solaris-x86 1.4.0 120.20 NOTE
r-release-linux-x86_64 1.4.0 7.94 59.80 67.74 NOTE
r-release-macos-arm64 1.4.0 NOTE
r-release-macos-x86_64 1.4.0 NOTE
r-release-windows-ix86+x86_64 1.4.0 13.00 89.00 102.00 NOTE
r-oldrel-macos-x86_64 1.4.0 OK
r-oldrel-windows-ix86+x86_64 1.4.0 20.00 87.00 107.00 OK

Check Details

Version: 1.4.0
Check: LazyData
Result: NOTE
     'LazyData' is specified without a 'data' directory
Flavors: r-devel-linux-x86_64-debian-clang, r-devel-linux-x86_64-debian-gcc, r-devel-linux-x86_64-fedora-clang, r-devel-linux-x86_64-fedora-gcc, r-devel-windows-x86_64, r-devel-windows-x86_64-gcc10-UCRT, r-patched-linux-x86_64, r-patched-solaris-x86, r-release-linux-x86_64, r-release-macos-arm64, r-release-macos-x86_64, r-release-windows-ix86+x86_64

Version: 1.4.0
Check: package dependencies
Result: NOTE
    Package suggested but not available for checking: 'igraph'
Flavor: r-devel-windows-x86_64-gcc10-UCRT

Version: 1.4.0
Check: re-building of vignette outputs
Result: WARN
    Error(s) in re-building vignettes:
    --- re-building 'datapack-overview.Rmd' using rmarkdown
    Quitting from lines 287-289 (datapack-overview.Rmd)
    Error: processing vignette 'datapack-overview.Rmd' failed with diagnostics:
    there is no package called 'igraph'
    --- failed re-building 'datapack-overview.Rmd'
    
    SUMMARY: processing the following file failed:
     'datapack-overview.Rmd'
    
    Error: Vignette re-building failed.
    Execution halted
Flavor: r-devel-windows-x86_64-gcc10-UCRT