Last updated on 2025-01-23 13:51:28 CET.
Flavor | Version | Tinstall | Tcheck | Ttotal | Status | Flags |
---|---|---|---|---|---|---|
r-devel-linux-x86_64-debian-clang | 1.0.5 | 12.57 | 152.65 | 165.22 | OK | |
r-devel-linux-x86_64-debian-gcc | 1.0.5 | 9.37 | 104.72 | 114.09 | OK | |
r-devel-linux-x86_64-fedora-clang | 1.0.5 | 275.90 | OK | |||
r-devel-linux-x86_64-fedora-gcc | 1.0.5 | 296.79 | OK | |||
r-devel-windows-x86_64 | 1.0.5 | 22.00 | 178.00 | 200.00 | OK | |
r-patched-linux-x86_64 | 1.0.5 | 14.81 | 151.54 | 166.35 | OK | |
r-release-linux-x86_64 | 1.0.5 | 13.02 | 151.74 | 164.76 | OK | |
r-release-macos-arm64 | 1.0.5 | 122.00 | NOTE | |||
r-release-macos-x86_64 | 1.0.5 | 164.00 | NOTE | |||
r-release-windows-x86_64 | 1.0.5 | 18.00 | 173.00 | 191.00 | OK | |
r-oldrel-macos-arm64 | 1.0.5 | 138.00 | NOTE | |||
r-oldrel-macos-x86_64 | 1.0.5 | 210.00 | NOTE | |||
r-oldrel-windows-x86_64 | 1.0.5 | 20.00 | 227.00 | 247.00 | NOTE |
Version: 1.0.5
Check: package dependencies
Result: NOTE
Package suggested but not available for checking: ‘EnsDb.Hsapiens.v86’
Flavors: r-release-macos-arm64, r-release-macos-x86_64, r-oldrel-macos-arm64, r-oldrel-macos-x86_64, r-oldrel-windows-x86_64