CRAN Package Check Results for Package coveffectsplot

Last updated on 2022-01-23 15:49:03 CET.

Flavor Version Tinstall Tcheck Ttotal Status Flags
r-devel-linux-x86_64-debian-clang 1.0.0 3.56 229.00 232.56 OK
r-devel-linux-x86_64-debian-gcc 1.0.0 2.99 172.29 175.28 OK
r-devel-linux-x86_64-fedora-clang 1.0.0 269.23 NOTE
r-devel-linux-x86_64-fedora-gcc 1.0.0 171.05 NOTE
r-devel-windows-x86_64-new-UL 1.0.0 69.00 288.00 357.00 OK
r-devel-windows-x86_64-new-TK 1.0.0 NOTE
r-patched-linux-x86_64 1.0.0 3.04 211.93 214.97 OK
r-release-linux-x86_64 1.0.0 2.49 215.24 217.73 OK
r-release-macos-arm64 1.0.0 NOTE
r-release-macos-x86_64 1.0.0 NOTE
r-release-windows-ix86+x86_64 1.0.0 8.00 261.00 269.00 OK
r-oldrel-macos-x86_64 0.0.9.1 NOTE
r-oldrel-windows-ix86+x86_64 1.0.0 9.00 263.00 272.00 OK

Check Details

Version: 1.0.0
Check: dependencies in R code
Result: NOTE
    Namespaces in Imports field not imported from:
     ‘colourpicker’ ‘dplyr’ ‘markdown’ ‘shinyjs’ ‘shinymeta’ ‘table1’
     ‘tidyr’
     All declared Imports should be used.
Flavors: r-devel-linux-x86_64-fedora-clang, r-devel-linux-x86_64-fedora-gcc, r-devel-windows-x86_64-new-TK, r-release-macos-arm64, r-release-macos-x86_64

Version: 0.0.9.1
Check: dependencies in R code
Result: NOTE
    Namespaces in Imports field not imported from:
     ‘colourpicker’ ‘dplyr’ ‘markdown’ ‘shinyjs’ ‘table1’ ‘tidyr’
     All declared Imports should be used.
Flavor: r-oldrel-macos-x86_64