Last updated on 2023-01-28 04:56:51 CET.
Flavor | Version | Tinstall | Tcheck | Ttotal | Status | Flags |
---|---|---|---|---|---|---|
r-devel-linux-x86_64-debian-clang | 0.1.1 | 11.14 | 193.41 | 204.55 | OK | |
r-devel-linux-x86_64-debian-gcc | 0.1.1 | 8.77 | 136.58 | 145.35 | OK | |
r-devel-linux-x86_64-fedora-clang | 0.1.1 | 241.92 | NOTE | |||
r-devel-linux-x86_64-fedora-gcc | 0.1.1 | 257.10 | OK | |||
r-devel-windows-x86_64 | 0.1.1 | 35.00 | 276.00 | 311.00 | NOTE | |
r-patched-linux-x86_64 | 0.1.1 | 7.02 | 185.66 | 192.68 | OK | |
r-release-linux-x86_64 | 0.1.1 | 9.94 | 186.70 | 196.64 | OK | |
r-release-macos-arm64 | 0.1.1 | 163.00 | NOTE | |||
r-release-macos-x86_64 | 0.1.1 | 203.00 | NOTE | |||
r-release-windows-x86_64 | 0.1.1 | 37.00 | 280.00 | 317.00 | NOTE | |
r-oldrel-macos-arm64 | 0.1.1 | 159.00 | NOTE | |||
r-oldrel-macos-x86_64 | 0.1.1 | 181.00 | NOTE | |||
r-oldrel-windows-ix86+x86_64 | 0.1.1 | 28.00 | 319.00 | 347.00 | NOTE |
Version: 0.1.1
Check: installed package size
Result: NOTE
installed size is 7.5Mb
sub-directories of 1Mb or more:
doc 7.3Mb
Flavors: r-devel-linux-x86_64-fedora-clang, r-devel-windows-x86_64, r-release-macos-arm64, r-release-macos-x86_64, r-release-windows-x86_64, r-oldrel-macos-arm64, r-oldrel-macos-x86_64, r-oldrel-windows-ix86+x86_64