CRAN Package Check Results for Package cffdrs

Last updated on 2021-05-10 03:48:39 CEST.

Flavor Version Tinstall Tcheck Ttotal Status Flags
r-devel-linux-x86_64-debian-clang 1.8.18 15.16 118.54 133.70 OK
r-devel-linux-x86_64-debian-gcc 1.8.18 11.60 90.74 102.34 OK
r-devel-linux-x86_64-fedora-clang 1.8.18 169.59 OK
r-devel-linux-x86_64-fedora-gcc 1.8.18 161.16 OK
r-devel-windows-ix86+x86_64 1.8.18 19.00 136.00 155.00 OK
r-devel-windows-x86_64-gcc10-UCRT 1.8.18 OK
r-patched-linux-x86_64 1.8.18 14.23 115.52 129.75 OK
r-patched-solaris-x86 1.8.18 217.20 OK
r-release-linux-x86_64 1.8.18 15.51 110.79 126.30 OK
r-release-macos-x86_64 1.8.18 OK
r-release-windows-ix86+x86_64 1.8.18 20.00 101.00 121.00 OK
r-oldrel-macos-x86_64 1.8.18 OK
r-oldrel-windows-ix86+x86_64 1.8.18 25.00 11.00 36.00 ERROR

Check Details

Version: 1.8.18
Check: whether package can be installed
Result: ERROR
    Installation failed.
    See * DONE
Flavor: r-oldrel-windows-ix86+x86_64