CRAN Package Check Results for Package cds

Last updated on 2021-05-10 03:48:39 CEST.

Flavor Version Tinstall Tcheck Ttotal Status Flags
r-devel-linux-x86_64-debian-clang 1.0.3 10.05 87.38 97.43 OK
r-devel-linux-x86_64-debian-gcc 1.0.3 8.42 68.73 77.15 OK
r-devel-linux-x86_64-fedora-clang 1.0.3 128.75 OK
r-devel-linux-x86_64-fedora-gcc 1.0.3 127.84 OK
r-devel-windows-ix86+x86_64 1.0.3 17.00 108.00 125.00 OK
r-devel-windows-x86_64-gcc10-UCRT 1.0.3 OK
r-patched-linux-x86_64 1.0.3 12.24 85.49 97.73 OK
r-patched-solaris-x86 1.0.3 174.00 OK
r-release-linux-x86_64 1.0.3 11.58 82.74 94.32 OK
r-release-macos-x86_64 1.0.3 OK
r-release-windows-ix86+x86_64 1.0.3 15.00 84.00 99.00 OK
r-oldrel-macos-x86_64 1.0.3 OK
r-oldrel-windows-ix86+x86_64 1.0.3 15.00 0.00 15.00 ERROR

Check Details

Version: 1.0.3
Check: whether package can be installed
Result: ERROR
    Installation failed.
Flavor: r-oldrel-windows-ix86+x86_64