CRAN Package Check Results for Package ccdf

Last updated on 2022-10-06 15:53:38 CEST.

Flavor Version Tinstall Tcheck Ttotal Status Flags
r-devel-linux-x86_64-debian-clang 1.1.4 6.56 74.61 81.17 NOTE
r-devel-linux-x86_64-debian-gcc 1.1.4 6.23 54.75 60.98 NOTE
r-devel-linux-x86_64-fedora-clang 1.1.4 111.93 NOTE
r-devel-linux-x86_64-fedora-gcc 1.1.4 103.50 NOTE
r-devel-windows-x86_64 1.1.4 11.00 95.00 106.00 NOTE
r-patched-linux-x86_64 1.1.4 7.64 69.41 77.05 OK
r-release-linux-x86_64 1.1.4 7.09 66.67 73.76 OK
r-release-macos-arm64 1.1.4 28.00 NOTE
r-release-macos-x86_64 1.1.4 54.00 NOTE
r-release-windows-x86_64 1.1.4 16.00 94.00 110.00 OK
r-oldrel-macos-arm64 1.1.4 29.00 NOTE
r-oldrel-macos-x86_64 1.1.4 41.00 NOTE
r-oldrel-windows-ix86+x86_64 1.1.4 19.00 93.00 112.00 OK

Check Details

Version: 1.1.4
Check: package subdirectories
Result: NOTE
    Problems with news in 'NEWS.md':
     Cannot extract version info from the following section titles:
     News about the ccdf R package
Flavors: r-devel-linux-x86_64-debian-clang, r-devel-linux-x86_64-debian-gcc, r-devel-linux-x86_64-fedora-clang, r-devel-linux-x86_64-fedora-gcc, r-devel-windows-x86_64

Version: 1.1.4
Check: dependencies in R code
Result: NOTE
    Namespace in Imports field not imported from: ‘statmod’
     All declared Imports should be used.
Flavors: r-devel-linux-x86_64-fedora-clang, r-devel-linux-x86_64-fedora-gcc, r-release-macos-arm64, r-release-macos-x86_64, r-oldrel-macos-arm64, r-oldrel-macos-x86_64