CRAN Package Check Results for Package biclustermd

Last updated on 2022-08-10 15:51:19 CEST.

Flavor Version Tinstall Tcheck Ttotal Status Flags
r-devel-linux-x86_64-debian-clang 0.2.3 10.52 177.05 187.57 OK
r-devel-linux-x86_64-debian-gcc 0.2.3 6.67 122.09 128.76 OK
r-devel-linux-x86_64-fedora-clang 0.2.3 217.07 NOTE
r-devel-linux-x86_64-fedora-gcc 0.2.3 215.81 NOTE
r-devel-windows-x86_64 0.2.3 51.00 199.00 250.00 OK
r-patched-linux-x86_64 0.2.3 10.53 164.75 175.28 OK
r-release-linux-x86_64 0.2.3 OK
r-release-macos-arm64 0.2.3 60.00 NOTE
r-release-macos-x86_64 0.2.3 114.00 NOTE
r-release-windows-x86_64 0.2.3 54.00 194.00 248.00 OK
r-oldrel-macos-arm64 0.2.3 84.00 NOTE
r-oldrel-macos-x86_64 0.2.3 78.00 NOTE
r-oldrel-windows-ix86+x86_64 0.2.3 23.00 209.00 232.00 OK

Check Details

Version: 0.2.3
Check: dependencies in R code
Result: NOTE
    Namespace in Imports field not imported from: ‘nycflights13’
     All declared Imports should be used.
Flavors: r-devel-linux-x86_64-fedora-clang, r-devel-linux-x86_64-fedora-gcc, r-release-macos-arm64, r-release-macos-x86_64, r-oldrel-macos-arm64, r-oldrel-macos-x86_64