Last updated on 2023-09-24 03:55:57 CEST.
Flavor | Version | Tinstall | Tcheck | Ttotal | Status | Flags |
---|---|---|---|---|---|---|
r-devel-linux-x86_64-debian-clang | 3.1-4 | 11.19 | 188.63 | 199.82 | OK | |
r-devel-linux-x86_64-debian-gcc | 3.1-4 | 13.00 | 149.34 | 162.34 | OK | |
r-devel-linux-x86_64-fedora-clang | 3.1-4 | 249.11 | OK | |||
r-devel-linux-x86_64-fedora-gcc | 3.1-4 | 264.99 | OK | |||
r-devel-windows-x86_64 | 3.1-4 | 12.00 | 200.00 | 212.00 | OK | |
r-patched-linux-x86_64 | 3.1-4 | 15.72 | 180.65 | 196.37 | OK | |
r-release-linux-x86_64 | 3.1-4 | 12.70 | 183.20 | 195.90 | OK | |
r-release-macos-arm64 | 3.1-4 | 86.00 | OK | |||
r-release-macos-x86_64 | 3.1-4 | 136.00 | NOTE | |||
r-release-windows-x86_64 | 3.1-4 | 17.00 | 214.00 | 231.00 | OK | |
r-oldrel-macos-arm64 | 3.1-4 | 78.00 | OK | |||
r-oldrel-macos-x86_64 | 3.1-4 | 97.00 | OK | |||
r-oldrel-windows-x86_64 | 3.1-4 | 17.00 | 212.00 | 229.00 | OK |
Version: 3.1-4
Check: package dependencies
Result: NOTE
Package suggested but not available for checking: ‘car’
Flavor: r-release-macos-x86_64
Version: 3.1-4
Check: re-building of vignette outputs
Result: NOTE
Note: skipping ‘betareg.Rnw’ due to unavailable dependencies: 'car'
Flavor: r-release-macos-x86_64