Last updated on 2023-06-04 16:55:42 CEST.
Flavor | Version | Tinstall | Tcheck | Ttotal | Status | Flags |
---|---|---|---|---|---|---|
r-devel-linux-x86_64-debian-clang | 0.2.5 | 28.05 | 39.40 | 67.45 | NOTE | |
r-devel-linux-x86_64-debian-gcc | 0.2.5 | 18.86 | 31.18 | 50.04 | NOTE | |
r-devel-linux-x86_64-fedora-clang | 0.2.5 | 98.07 | NOTE | |||
r-devel-linux-x86_64-fedora-gcc | 0.2.5 | 88.28 | NOTE | |||
r-devel-windows-x86_64 | 0.2.5 | 22.00 | 70.00 | 92.00 | NOTE | |
r-patched-linux-x86_64 | 0.2.5 | 22.75 | 38.64 | 61.39 | NOTE | |
r-release-linux-x86_64 | 0.2.5 | 20.07 | 37.42 | 57.49 | NOTE | |
r-release-macos-arm64 | 0.2.5 | 33.00 | NOTE | |||
r-release-macos-x86_64 | 0.2.5 | 48.00 | NOTE | |||
r-release-windows-x86_64 | 0.2.5 | 23.00 | 88.00 | 111.00 | NOTE | |
r-oldrel-macos-arm64 | 0.2.5 | 33.00 | NOTE | |||
r-oldrel-macos-x86_64 | 0.2.5 | 49.00 | NOTE | |||
r-oldrel-windows-x86_64 | 0.2.5 | 28.00 | 79.00 | 107.00 | NOTE |
Version: 0.2.5
Check: C++ specification
Result: NOTE
Specified C++11: please drop specification unless essential
Flavors: r-devel-linux-x86_64-debian-clang, r-devel-linux-x86_64-debian-gcc, r-devel-linux-x86_64-fedora-clang, r-devel-linux-x86_64-fedora-gcc, r-devel-windows-x86_64, r-patched-linux-x86_64, r-release-linux-x86_64, r-release-macos-arm64, r-release-macos-x86_64, r-release-windows-x86_64
Version: 0.2.5
Check: LazyData
Result: NOTE
'LazyData' is specified without a 'data' directory
Flavors: r-devel-linux-x86_64-debian-clang, r-devel-linux-x86_64-debian-gcc, r-devel-linux-x86_64-fedora-clang, r-devel-linux-x86_64-fedora-gcc, r-devel-windows-x86_64, r-patched-linux-x86_64, r-release-linux-x86_64, r-release-macos-arm64, r-release-macos-x86_64, r-release-windows-x86_64, r-oldrel-macos-arm64, r-oldrel-macos-x86_64, r-oldrel-windows-x86_64