CRAN Package Check Results for Package aoristic

Last updated on 2022-10-06 15:53:36 CEST.

Flavor Version Tinstall Tcheck Ttotal Status Flags
r-devel-linux-x86_64-debian-clang 1.1.0 7.53 67.17 74.70 ERROR
r-devel-linux-x86_64-debian-gcc 1.1.0 5.71 48.30 54.01 ERROR
r-devel-linux-x86_64-fedora-clang 1.1.0 106.12 ERROR
r-devel-linux-x86_64-fedora-gcc 1.1.0 98.03 ERROR
r-devel-windows-x86_64 1.1.0 15.00 87.00 102.00 ERROR
r-patched-linux-x86_64 1.1.0 7.25 68.60 75.85 OK
r-release-linux-x86_64 1.1.0 7.13 69.55 76.68 OK
r-release-macos-arm64 1.1.0 28.00 OK
r-release-macos-x86_64 1.1.0 52.00 OK
r-release-windows-x86_64 1.1.0 17.00 91.00 108.00 OK
r-oldrel-macos-arm64 1.1.0 36.00 OK
r-oldrel-macos-x86_64 1.1.0 56.00 OK
r-oldrel-windows-ix86+x86_64 1.1.0 17.00 97.00 114.00 OK

Check Details

Version: 1.1.0
Check: examples
Result: ERROR
    Running examples in 'aoristic-Ex.R' failed
    The error most likely occurred in:
    
    > base::assign(".ptime", proc.time(), pos = "CheckExEnv")
    > ### Name: aoristic.df
    > ### Title: Calculate aoristic weights
    > ### Aliases: aoristic.df
    >
    > ### ** Examples
    >
    > df <- aoristic.df(dcburglaries, 'X', 'Y', 'StartDateTime', 'EndDateTime')
    Warning: 32 failed to parse.
    Warning: 6 failed to parse.
    Error in if (time.span >= 10080) { :
     missing value where TRUE/FALSE needed
    Calls: aoristic.df
    Execution halted
Flavors: r-devel-linux-x86_64-debian-clang, r-devel-linux-x86_64-debian-gcc

Version: 1.1.0
Check: examples
Result: ERROR
    Running examples in ‘aoristic-Ex.R’ failed
    The error most likely occurred in:
    
    > ### Name: aoristic.df
    > ### Title: Calculate aoristic weights
    > ### Aliases: aoristic.df
    >
    > ### ** Examples
    >
    > df <- aoristic.df(dcburglaries, 'X', 'Y', 'StartDateTime', 'EndDateTime')
    Warning: 17 failed to parse.
    Warning: 8 failed to parse.
    Error in if (time.span >= 10080) { :
     missing value where TRUE/FALSE needed
    Calls: aoristic.df
    Execution halted
Flavors: r-devel-linux-x86_64-fedora-clang, r-devel-linux-x86_64-fedora-gcc

Version: 1.1.0
Check: examples
Result: ERROR
    Running examples in 'aoristic-Ex.R' failed
    The error most likely occurred in:
    
    > ### Name: aoristic.df
    > ### Title: Calculate aoristic weights
    > ### Aliases: aoristic.df
    >
    > ### ** Examples
    >
    > df <- aoristic.df(dcburglaries, 'X', 'Y', 'StartDateTime', 'EndDateTime')
    Warning: 32 failed to parse.
    Warning: 6 failed to parse.
    Error in if (time.span >= 10080) { :
     missing value where TRUE/FALSE needed
    Calls: aoristic.df
    Execution halted
Flavor: r-devel-windows-x86_64