CRAN Package Check Results for Package alabama

Last updated on 2021-04-19 03:49:05 CEST.

Flavor Version Tinstall Tcheck Ttotal Status Flags
r-devel-linux-x86_64-debian-clang 2015.3-1 2.96 25.86 28.82 NOTE
r-devel-linux-x86_64-debian-gcc 2015.3-1 2.13 20.28 22.41 NOTE
r-devel-linux-x86_64-fedora-clang 2015.3-1 45.11 NOTE
r-devel-linux-x86_64-fedora-gcc 2015.3-1 34.92 NOTE
r-devel-windows-ix86+x86_64 2015.3-1 6.00 44.00 50.00 NOTE
r-devel-windows-x86_64-gcc10-UCRT 2015.3-1 NOTE
r-patched-linux-x86_64 2015.3-1 2.47 24.83 27.30 NOTE
r-patched-solaris-x86 2015.3-1 51.20 NOTE
r-release-linux-x86_64 2015.3-1 2.87 24.89 27.76 NOTE
r-release-macos-x86_64 2015.3-1 NOTE
r-release-windows-ix86+x86_64 2015.3-1 5.00 40.00 45.00 NOTE
r-oldrel-macos-x86_64 2015.3-1 NOTE
r-oldrel-windows-ix86+x86_64 2015.3-1 6.00 46.00 52.00 NOTE

Check Details

Version: 2015.3-1
Check: R code for possible problems
Result: NOTE
    adpbar: no visible global function definition for 'optim'
    alabama: no visible global function definition for 'optim'
    auglag: no visible global function definition for 'modifyList'
    auglag1: no visible global function definition for 'optim'
    auglag1: no visible global function definition for 'nlminb'
    auglag2: no visible global function definition for 'optim'
    auglag2: no visible global function definition for 'nlminb'
    auglag3: no visible global function definition for 'optim'
    auglag3: no visible global function definition for 'nlminb'
    augpen: no visible global function definition for 'optim'
    constrOptim.nl: no visible global function definition for 'modifyList'
    Undefined global functions or variables:
     modifyList nlminb optim
    Consider adding
     importFrom("stats", "nlminb", "optim")
     importFrom("utils", "modifyList")
    to your NAMESPACE file.
Flavors: r-devel-linux-x86_64-debian-clang, r-devel-linux-x86_64-debian-gcc, r-devel-linux-x86_64-fedora-clang, r-devel-linux-x86_64-fedora-gcc, r-devel-windows-ix86+x86_64, r-devel-windows-x86_64-gcc10-UCRT, r-patched-linux-x86_64, r-patched-solaris-x86, r-release-linux-x86_64, r-release-macos-x86_64, r-release-windows-ix86+x86_64, r-oldrel-macos-x86_64, r-oldrel-windows-ix86+x86_64