CRAN Package Check Results for Package agriwater

Last updated on 2021-06-17 15:48:57 CEST.

Flavor Version Tinstall Tcheck Ttotal Status Flags
r-devel-linux-x86_64-debian-clang 1.0.1 18.01 108.30 126.31 NOTE
r-devel-linux-x86_64-debian-gcc 1.0.1 14.97 80.48 95.45 NOTE
r-devel-linux-x86_64-fedora-clang 1.0.1 160.35 NOTE
r-devel-linux-x86_64-fedora-gcc 1.0.1 148.30 NOTE
r-devel-windows-x86_64 1.0.1 25.00 126.00 151.00 NOTE
r-devel-windows-x86_64-gcc10-UCRT 1.0.1 NOTE
r-patched-linux-x86_64 1.0.1 14.62 103.26 117.88 NOTE
r-patched-solaris-x86 1.0.1 198.20 NOTE
r-release-linux-x86_64 1.0.1 15.71 103.07 118.78 NOTE
r-release-macos-arm64 1.0.1 NOTE
r-release-macos-x86_64 1.0.1 NOTE
r-release-windows-ix86+x86_64 1.0.1 31.00 118.00 149.00 NOTE
r-oldrel-macos-x86_64 1.0.1 OK
r-oldrel-windows-ix86+x86_64 1.0.1 21.00 122.00 143.00 OK

Check Details

Version: 1.0.1
Check: LazyData
Result: NOTE
     'LazyData' is specified without a 'data' directory
Flavors: r-devel-linux-x86_64-debian-clang, r-devel-linux-x86_64-debian-gcc, r-devel-linux-x86_64-fedora-clang, r-devel-linux-x86_64-fedora-gcc, r-devel-windows-x86_64, r-devel-windows-x86_64-gcc10-UCRT, r-patched-linux-x86_64, r-patched-solaris-x86, r-release-linux-x86_64, r-release-macos-arm64, r-release-macos-x86_64, r-release-windows-ix86+x86_64