CRAN Package Check Results for Package act

Last updated on 2022-10-06 15:53:36 CEST.

Flavor Version Tinstall Tcheck Ttotal Status Flags
r-devel-linux-x86_64-debian-clang 1.1.9 13.78 86.97 100.75 OK
r-devel-linux-x86_64-debian-gcc 1.1.9 11.18 64.21 75.39 OK
r-devel-linux-x86_64-fedora-clang 1.1.9 143.28 NOTE
r-devel-linux-x86_64-fedora-gcc 1.1.9 132.70 NOTE
r-devel-windows-x86_64 1.1.9 67.00 136.00 203.00 OK
r-patched-linux-x86_64 1.1.9 13.62 81.52 95.14 OK
r-release-linux-x86_64 1.1.9 15.49 80.37 95.86 OK
r-release-macos-arm64 1.1.9 38.00 NOTE
r-release-macos-x86_64 1.1.9 50.00 NOTE
r-release-windows-x86_64 1.1.9 93.00 125.00 218.00 OK
r-oldrel-macos-arm64 1.1.9 37.00 NOTE
r-oldrel-macos-x86_64 1.1.9 50.00 NOTE
r-oldrel-windows-ix86+x86_64 1.1.9 28.00 115.00 143.00 OK

Check Details

Version: 1.1.9
Check: data for non-ASCII characters
Result: NOTE
     Note: found 305 marked UTF-8 strings
Flavors: r-devel-linux-x86_64-fedora-clang, r-devel-linux-x86_64-fedora-gcc, r-release-macos-arm64, r-release-macos-x86_64, r-oldrel-macos-arm64, r-oldrel-macos-x86_64