CRAN Package Check Results for Package StratifiedRF

Last updated on 2022-10-06 15:53:58 CEST.

Flavor Version Tinstall Tcheck Ttotal Status Flags
r-devel-linux-x86_64-debian-clang 0.2.2 13.41 97.11 110.52 NOTE
r-devel-linux-x86_64-debian-gcc 0.2.2 9.31 72.34 81.65 NOTE
r-devel-linux-x86_64-fedora-clang 0.2.2 149.34 NOTE
r-devel-linux-x86_64-fedora-gcc 0.2.2 145.13 NOTE
r-devel-windows-x86_64 0.2.2 26.00 117.00 143.00 NOTE
r-patched-linux-x86_64 0.2.2 10.76 91.06 101.82 NOTE
r-release-linux-x86_64 0.2.2 11.07 90.13 101.20 NOTE
r-release-macos-arm64 0.2.2 36.00 NOTE
r-release-macos-x86_64 0.2.2 73.00 NOTE
r-release-windows-x86_64 0.2.2 20.00 114.00 134.00 NOTE
r-oldrel-macos-arm64 0.2.2 44.00 NOTE
r-oldrel-macos-x86_64 0.2.2 76.00 NOTE
r-oldrel-windows-ix86+x86_64 0.2.2 26.00 114.00 140.00 NOTE

Check Details

Version: 0.2.2
Check: LazyData
Result: NOTE
     'LazyData' is specified without a 'data' directory
Flavors: r-devel-linux-x86_64-debian-clang, r-devel-linux-x86_64-debian-gcc, r-devel-linux-x86_64-fedora-clang, r-devel-linux-x86_64-fedora-gcc, r-devel-windows-x86_64, r-patched-linux-x86_64, r-release-linux-x86_64, r-release-macos-arm64, r-release-macos-x86_64, r-release-windows-x86_64, r-oldrel-macos-arm64, r-oldrel-macos-x86_64, r-oldrel-windows-ix86+x86_64