CRAN Package Check Results for Package SparseGrid

Last updated on 2022-06-30 15:51:52 CEST.

Flavor Version Tinstall Tcheck Ttotal Status Flags
r-devel-linux-x86_64-debian-clang 0.8.2 2.94 53.02 55.96 NOTE
r-devel-linux-x86_64-debian-gcc 0.8.2 2.32 37.18 39.50 NOTE
r-devel-linux-x86_64-fedora-clang 0.8.2 77.80 NOTE
r-devel-linux-x86_64-fedora-gcc 0.8.2 78.39 NOTE
r-devel-windows-x86_64 0.8.2 32.00 88.00 120.00 NOTE
r-patched-linux-x86_64 0.8.2 3.13 50.97 54.10 NOTE
r-release-linux-x86_64 0.8.2 2.13 51.53 53.66 NOTE
r-release-macos-arm64 0.8.2 26.00 NOTE
r-release-macos-x86_64 0.8.2 40.00 NOTE
r-release-windows-x86_64 0.8.2 48.00 85.00 133.00 NOTE
r-oldrel-macos-arm64 0.8.2 33.00 NOTE
r-oldrel-macos-x86_64 0.8.2 51.00 NOTE
r-oldrel-windows-ix86+x86_64 0.8.2 6.00 81.00 87.00 NOTE

Check Details

Version: 0.8.2
Check: DESCRIPTION meta-information
Result: NOTE
    Malformed Description field: should contain one or more complete sentences.
Flavors: r-devel-linux-x86_64-debian-clang, r-devel-linux-x86_64-debian-gcc, r-devel-linux-x86_64-fedora-clang, r-devel-linux-x86_64-fedora-gcc, r-devel-windows-x86_64, r-patched-linux-x86_64, r-release-linux-x86_64, r-release-macos-arm64, r-release-macos-x86_64, r-release-windows-x86_64, r-oldrel-macos-arm64, r-oldrel-macos-x86_64, r-oldrel-windows-ix86+x86_64