CRAN Package Check Results for Package SongEvo

Last updated on 2021-05-10 03:48:59 CEST.

Flavor Version Tinstall Tcheck Ttotal Status Flags
r-devel-linux-x86_64-debian-clang 1.0.0 3.53 154.16 157.69 OK
r-devel-linux-x86_64-debian-gcc 1.0.0 2.93 112.11 115.04 OK
r-devel-linux-x86_64-fedora-clang 1.0.0 190.52 OK
r-devel-linux-x86_64-fedora-gcc 1.0.0 187.07 OK
r-devel-windows-ix86+x86_64 1.0.0 6.00 193.00 199.00 WARN
r-devel-windows-x86_64-gcc10-UCRT 1.0.0 OK
r-patched-linux-x86_64 1.0.0 3.77 149.14 152.91 OK
r-patched-solaris-x86 1.0.0 232.70 OK
r-release-linux-x86_64 1.0.0 3.08 144.15 147.23 OK
r-release-macos-x86_64 1.0.0 OK
r-release-windows-ix86+x86_64 1.0.0 7.00 150.00 157.00 WARN
r-oldrel-macos-x86_64 1.0.0 OK
r-oldrel-windows-ix86+x86_64 1.0.0 8.00 194.00 202.00 WARN

Check Details

Version: 1.0.0
Check: re-building of vignette outputs
Result: WARN
    Error(s) in re-building vignettes:
    --- re-building 'SongEvo.Rmd' using rmarkdown
    Loading required package: lattice
    Loading required package: survival
    Loading required package: Formula
    Loading required package: ggplot2
    
    Attaching package: 'Hmisc'
    
    The following objects are masked from 'package:base':
    
     format.pval, units
    
    ! Package pdftex.def Error: File `d:/RCompile/CRANpkg/local/4.1/SongEvo.Rcheck/
    vign_test/SongEvo/vignettes/SongEvo_files/figure-latex/Examine\%20population\%2
    0size\%20over\%20time-1.pdf' not found.
    
    Error: processing vignette 'SongEvo.Rmd' failed with diagnostics:
    LaTeX failed to compile d:/RCompile/CRANpkg/local/4.1/SongEvo.Rcheck/vign_test/SongEvo/vignettes/SongEvo.tex. See https://yihui.org/tinytex/r/#debugging for debugging tips. See SongEvo.log for more info.
    --- failed re-building 'SongEvo.Rmd'
    
    SUMMARY: processing the following file failed:
     'SongEvo.Rmd'
    
    Error: Vignette re-building failed.
    Execution halted
Flavor: r-devel-windows-ix86+x86_64

Version: 1.0.0
Check: re-building of vignette outputs
Result: WARN
    Error(s) in re-building vignettes:
    --- re-building 'SongEvo.Rmd' using rmarkdown
    Loading required package: lattice
    Loading required package: survival
    Loading required package: Formula
    Loading required package: ggplot2
    
    Attaching package: 'Hmisc'
    
    The following objects are masked from 'package:base':
    
     format.pval, units
    
    ! Package pdftex.def Error: File `d:/RCompile/CRANpkg/local/4.0/SongEvo.Rcheck/
    vign_test/SongEvo/vignettes/SongEvo_files/figure-latex/Examine\%20population\%2
    0size\%20over\%20time-1.pdf' not found.
    
    Error: processing vignette 'SongEvo.Rmd' failed with diagnostics:
    LaTeX failed to compile d:/RCompile/CRANpkg/local/4.0/SongEvo.Rcheck/vign_test/SongEvo/vignettes/SongEvo.tex. See https://yihui.org/tinytex/r/#debugging for debugging tips. See SongEvo.log for more info.
    --- failed re-building 'SongEvo.Rmd'
    
    SUMMARY: processing the following file failed:
     'SongEvo.Rmd'
    
    Error: Vignette re-building failed.
    Execution halted
Flavor: r-release-windows-ix86+x86_64

Version: 1.0.0
Check: re-building of vignette outputs
Result: WARN
    Error(s) in re-building vignettes:
    --- re-building 'SongEvo.Rmd' using rmarkdown
    Loading required package: lattice
    Loading required package: survival
    Loading required package: Formula
    Loading required package: ggplot2
    
    Attaching package: 'Hmisc'
    
    The following objects are masked from 'package:base':
    
     format.pval, units
    
    ! Package pdftex.def Error: File `d:/RCompile/CRANpkg/local/3.6/SongEvo.Rcheck/
    vign_test/SongEvo/vignettes/SongEvo_files/figure-latex/Examine\%20population\%2
    0size\%20over\%20time-1.pdf' not found.
    
    Error: processing vignette 'SongEvo.Rmd' failed with diagnostics:
    LaTeX failed to compile d:/RCompile/CRANpkg/local/3.6/SongEvo.Rcheck/vign_test/SongEvo/vignettes/SongEvo.tex. See https://yihui.org/tinytex/r/#debugging for debugging tips. See SongEvo.log for more info.
    --- failed re-building 'SongEvo.Rmd'
    
    SUMMARY: processing the following file failed:
     'SongEvo.Rmd'
    
    Error: Vignette re-building failed.
    Execution halted
Flavor: r-oldrel-windows-ix86+x86_64