Last updated on 2022-08-10 15:51:35 CEST.
Flavor | Version | Tinstall | Tcheck | Ttotal | Status | Flags |
---|---|---|---|---|---|---|
r-devel-linux-x86_64-debian-clang | 0.1.1 | 28.73 | 79.24 | 107.97 | NOTE | |
r-devel-linux-x86_64-debian-gcc | 0.1.1 | 21.41 | 58.71 | 80.12 | NOTE | |
r-devel-linux-x86_64-fedora-clang | 0.1.1 | 142.32 | NOTE | |||
r-devel-linux-x86_64-fedora-gcc | 0.1.1 | 131.75 | NOTE | |||
r-devel-windows-x86_64 | 0.1.1 | 27.00 | 117.00 | 144.00 | NOTE | |
r-patched-linux-x86_64 | 0.1.1 | 19.39 | 74.33 | 93.72 | NOTE | |
r-release-linux-x86_64 | 0.1.1 | NOTE | ||||
r-release-macos-arm64 | 0.1.1 | 40.00 | NOTE | |||
r-release-macos-x86_64 | 0.1.1 | 50.00 | NOTE | |||
r-release-windows-x86_64 | 0.1.1 | 26.00 | 121.00 | 147.00 | NOTE | |
r-oldrel-macos-arm64 | 0.1.1 | 45.00 | NOTE | |||
r-oldrel-macos-x86_64 | 0.1.1 | 76.00 | NOTE | |||
r-oldrel-windows-ix86+x86_64 | 0.1.1 | 60.00 | 128.00 | 188.00 | NOTE |
Version: 0.1.1
Check: LazyData
Result: NOTE
'LazyData' is specified without a 'data' directory
Flavors: r-devel-linux-x86_64-debian-clang, r-devel-linux-x86_64-debian-gcc, r-devel-linux-x86_64-fedora-clang, r-devel-linux-x86_64-fedora-gcc, r-devel-windows-x86_64, r-patched-linux-x86_64, r-release-linux-x86_64, r-release-macos-arm64, r-release-macos-x86_64, r-release-windows-x86_64, r-oldrel-macos-arm64, r-oldrel-macos-x86_64, r-oldrel-windows-ix86+x86_64