CRAN Package Check Results for Package Rwtss

Last updated on 2021-05-10 03:48:58 CEST.

Flavor Version Tinstall Tcheck Ttotal Status Flags
r-devel-linux-x86_64-debian-clang 0.8.0 2.59 40.24 42.83 NOTE
r-devel-linux-x86_64-debian-gcc 0.8.0 2.29 32.03 34.32 NOTE
r-devel-linux-x86_64-fedora-clang 0.8.0 62.35 NOTE
r-devel-linux-x86_64-fedora-gcc 0.8.0 55.41 NOTE
r-devel-windows-ix86+x86_64 0.8.0 6.00 45.00 51.00 NOTE
r-devel-windows-x86_64-gcc10-UCRT 0.8.0 NOTE
r-patched-linux-x86_64 0.8.0 3.04 39.38 42.42 NOTE
r-patched-solaris-x86 0.8.0 73.30 NOTE
r-release-linux-x86_64 0.8.0 3.13 39.38 42.51 OK
r-release-macos-x86_64 0.8.0 OK
r-release-windows-ix86+x86_64 0.8.0 5.00 54.00 59.00 OK
r-oldrel-macos-x86_64 0.8.0 OK
r-oldrel-windows-ix86+x86_64 0.8.0 5.00 57.00 62.00 OK

Check Details

Version: 0.8.0
Check: LazyData
Result: NOTE
     'LazyData' is specified without a 'data' directory
Flavors: r-devel-linux-x86_64-debian-clang, r-devel-linux-x86_64-debian-gcc, r-devel-linux-x86_64-fedora-clang, r-devel-linux-x86_64-fedora-gcc, r-devel-windows-ix86+x86_64, r-devel-windows-x86_64-gcc10-UCRT, r-patched-linux-x86_64, r-patched-solaris-x86