Last updated on 2022-08-10 15:51:34 CEST.
Flavor | Version | Tinstall | Tcheck | Ttotal | Status | Flags |
---|---|---|---|---|---|---|
r-devel-linux-x86_64-debian-clang | 0.2.6 | 134.48 | 52.42 | 186.90 | WARN | |
r-devel-linux-x86_64-debian-gcc | 0.2.6 | 104.81 | 40.58 | 145.39 | OK | |
r-devel-linux-x86_64-fedora-clang | 0.2.6 | 279.79 | WARN | |||
r-devel-linux-x86_64-fedora-gcc | 0.2.6 | 256.13 | OK | |||
r-devel-windows-x86_64 | 0.2.6 | 105.00 | 104.00 | 209.00 | OK | |
r-patched-linux-x86_64 | 0.2.6 | 115.16 | 50.15 | 165.31 | OK | |
r-release-linux-x86_64 | 0.2.6 | OK | ||||
r-release-macos-arm64 | 0.2.6 | 56.00 | NOTE | |||
r-release-macos-x86_64 | 0.2.6 | 82.00 | NOTE | |||
r-release-windows-x86_64 | 0.2.6 | 106.00 | 104.00 | 210.00 | OK | |
r-oldrel-macos-arm64 | 0.2.6 | 73.00 | NOTE | |||
r-oldrel-macos-x86_64 | 0.2.6 | 119.00 | NOTE | |||
r-oldrel-windows-ix86+x86_64 | 0.2.6 | 316.00 | 108.00 | 424.00 | OK |
Version: 0.2.6
Check: whether package can be installed
Result: WARN
Found the following significant warnings:
RemoteSensing.cpp:79:10: warning: use of bitwise '&' with boolean operands [-Wbitwise-instead-of-logical]
RemoteSensing.cpp:82:15: warning: use of bitwise '&' with boolean operands [-Wbitwise-instead-of-logical]
Flavors: r-devel-linux-x86_64-debian-clang, r-devel-linux-x86_64-fedora-clang
Version: 0.2.6
Check: installed package size
Result: NOTE
installed size is 5.8Mb
sub-directories of 1Mb or more:
libs 4.7Mb
Flavors: r-devel-linux-x86_64-fedora-clang, r-release-macos-arm64, r-release-macos-x86_64, r-oldrel-macos-arm64, r-oldrel-macos-x86_64