CRAN Package Check Results for Package Rglpk

Last updated on 2021-10-21 15:51:13 CEST.

Flavor Version Tinstall Tcheck Ttotal Status Flags
r-devel-linux-x86_64-debian-clang 0.6-4 4.29 23.44 27.73 OK
r-devel-linux-x86_64-debian-gcc 0.6-4 3.15 18.70 21.85 OK
r-devel-linux-x86_64-fedora-clang 0.6-4 45.75 NOTE
r-devel-linux-x86_64-fedora-gcc 0.6-4 35.23 OK
r-devel-windows-x86_64 0.6-4 7.00 41.00 48.00 OK
r-devel-windows-x86_64-gcc10-UCRT 0.6-4 OK
r-patched-linux-x86_64 0.6-4 3.27 23.24 26.51 OK
r-patched-solaris-x86 0.6-4 57.20 OK
r-release-linux-x86_64 0.6-4 3.70 23.12 26.82 OK
r-release-macos-arm64 0.6-4 NOTE
r-release-macos-x86_64 0.6-4 OK
r-release-windows-ix86+x86_64 0.6-4 13.00 53.00 66.00 OK
r-oldrel-macos-x86_64 0.6-4 NOTE
r-oldrel-windows-ix86+x86_64 0.6-4 14.00 54.00 68.00 OK

Check Details

Version: 0.6-4
Check: Rd cross-references
Result: NOTE
    Undeclared packages ‘lpSolve’, ‘ROI’, ‘Rsymphony’ in Rd xrefs
Flavor: r-devel-linux-x86_64-fedora-clang

Version: 0.6-4
Check: Rd cross-references
Result: NOTE
    Package unavailable to check Rd xrefs: ‘Rsymphony’
Flavors: r-release-macos-arm64, r-oldrel-macos-x86_64