CRAN Package Check Results for Package RcppMsgPack

Last updated on 2021-09-21 15:51:15 CEST.

Flavor Version Tinstall Tcheck Ttotal Status Flags
r-devel-linux-x86_64-debian-clang 0.2.3 51.05 77.27 128.32 OK
r-devel-linux-x86_64-debian-gcc 0.2.3 32.13 62.27 94.40 OK
r-devel-linux-x86_64-fedora-clang 0.2.3 173.89 NOTE
r-devel-linux-x86_64-fedora-gcc 0.2.3 161.04 OK
r-devel-windows-x86_64 0.2.3 55.00 104.00 159.00 NOTE
r-devel-windows-x86_64-gcc10-UCRT 0.2.3 ERROR
r-patched-linux-x86_64 0.2.3 40.63 71.55 112.18 OK
r-patched-solaris-x86 0.2.3 196.00 NOTE
r-release-linux-x86_64 0.2.3 42.64 71.84 114.48 OK
r-release-macos-arm64 0.2.3 NOTE
r-release-macos-x86_64 0.2.3 NOTE
r-release-windows-ix86+x86_64 0.2.3 125.00 201.00 326.00 NOTE
r-oldrel-macos-x86_64 0.2.3 NOTE
r-oldrel-windows-ix86+x86_64 0.2.3 118.00 208.00 326.00 NOTE

Check Details

Version: 0.2.3
Check: installed package size
Result: NOTE
     installed size is 9.9Mb
     sub-directories of 1Mb or more:
     include 7.0Mb
     libs 2.4Mb
Flavors: r-devel-linux-x86_64-fedora-clang, r-devel-windows-x86_64, r-patched-solaris-x86, r-release-macos-arm64, r-release-macos-x86_64, r-release-windows-ix86+x86_64, r-oldrel-macos-x86_64, r-oldrel-windows-ix86+x86_64

Version: 0.2.3
Check: whether package can be installed
Result: ERROR
    Installation failed.
Flavor: r-devel-windows-x86_64-gcc10-UCRT