Last updated on 2022-05-23 03:57:05 CEST.
Flavor | Version | Tinstall | Tcheck | Ttotal | Status | Flags |
---|---|---|---|---|---|---|
r-devel-linux-x86_64-debian-clang | 2.5.3 | 168.01 | 161.90 | 329.91 | OK | |
r-devel-linux-x86_64-debian-gcc | 2.5.3 | 132.99 | 123.35 | 256.34 | OK | |
r-devel-linux-x86_64-fedora-clang | 2.5.3 | 476.81 | NOTE | |||
r-devel-linux-x86_64-fedora-gcc | 2.5.3 | 399.17 | OK | |||
r-devel-windows-x86_64 | 2.5.3 | 424.00 | 251.00 | 675.00 | OK | |
r-patched-linux-x86_64 | 2.5.3 | 148.40 | 156.60 | 305.00 | OK | |
r-release-linux-x86_64 | 2.5.3 | 137.21 | 155.80 | 293.01 | OK | |
r-release-macos-arm64 | 2.5.3 | 121.00 | NOTE | |||
r-release-macos-x86_64 | 2.5.3 | 11.00 | ERROR | |||
r-release-windows-x86_64 | 2.5.3 | 298.00 | 244.00 | 542.00 | OK | |
r-oldrel-macos-arm64 | 2.5.3 | 124.00 | NOTE | |||
r-oldrel-macos-x86_64 | 2.5.3 | 14.00 | ERROR | |||
r-oldrel-windows-ix86+x86_64 | 2.5.3 | 412.00 | 356.00 | 768.00 | NOTE |
Version: 2.5.3
Check: installed package size
Result: NOTE
installed size is 13.4Mb
sub-directories of 1Mb or more:
libs 11.6Mb
Flavors: r-devel-linux-x86_64-fedora-clang, r-release-macos-arm64, r-oldrel-macos-arm64, r-oldrel-windows-ix86+x86_64
Version: 2.5.3
Check: whether package can be installed
Result: ERROR
Installation failed.
Flavors: r-release-macos-x86_64, r-oldrel-macos-x86_64